{"id":6611,"date":"2019-08-22T20:01:38","date_gmt":"2019-08-22T20:01:38","guid":{"rendered":"https:\/\/demo.tz-viskovo.hr\/?page_id=6611"},"modified":"2019-08-22T20:01:39","modified_gmt":"2019-08-22T20:01:39","slug":"cafe-und-bars","status":"publish","type":"page","link":"https:\/\/demo.tz-viskovo.hr\/de\/gastro\/cafe-und-bars\/","title":{"rendered":"Caf\u00e9 und Bars"},"content":{"rendered":"","protected":false},"excerpt":{"rendered":"","protected":false},"author":1,"featured_media":6613,"parent":3364,"menu_order":0,"comment_status":"closed","ping_status":"closed","template":"archive-barovi.php","meta":[],"acf":[],"yoast_head":"<!-- This site is optimized with the Yoast SEO plugin v17.6 - https:\/\/yoast.com\/wordpress\/plugins\/seo\/ -->\n<meta name=\"robots\" content=\"index, follow, max-snippet:-1, max-image-preview:large, max-video-preview:-1\" \/>\n<link rel=\"canonical\" href=\"https:\/\/demo.tz-viskovo.hr\/de\/gastro\/cafe-und-bars\/\" \/>\n<meta property=\"og:locale\" content=\"de_DE\" \/>\n<meta property=\"og:type\" content=\"article\" \/>\n<meta property=\"og:title\" content=\"Caf\u00e9 und Bars - Turisti\u010dka zajednica op\u0107ine Vi\u0161kovo\" \/>\n<meta property=\"og:url\" content=\"https:\/\/demo.tz-viskovo.hr\/de\/gastro\/cafe-und-bars\/\" \/>\n<meta property=\"og:site_name\" content=\"Turisti\u010dka zajednica op\u0107ine Vi\u0161kovo\" \/>\n<meta property=\"article:modified_time\" content=\"2019-08-22T20:01:39+00:00\" \/>\n<meta property=\"og:image\" content=\"https:\/\/demo.tz-viskovo.hr\/wp-content\/uploads\/2019\/05\/topla-cokolada.jpg\" \/>\n\t<meta property=\"og:image:width\" content=\"1280\" \/>\n\t<meta property=\"og:image:height\" content=\"634\" \/>\n<meta name=\"twitter:card\" content=\"summary_large_image\" \/>\n<script type=\"application\/ld+json\" class=\"yoast-schema-graph\">{\"@context\":\"https:\/\/schema.org\",\"@graph\":[{\"@type\":\"WebSite\",\"@id\":\"https:\/\/demo.tz-viskovo.hr\/it\/#website\",\"url\":\"https:\/\/demo.tz-viskovo.hr\/it\/\",\"name\":\"Turisti\\u010dka zajednica op\\u0107ine Vi\\u0161kovo\",\"description\":\"\",\"potentialAction\":[{\"@type\":\"SearchAction\",\"target\":{\"@type\":\"EntryPoint\",\"urlTemplate\":\"https:\/\/demo.tz-viskovo.hr\/it\/?s={search_term_string}\"},\"query-input\":\"required name=search_term_string\"}],\"inLanguage\":\"de\"},{\"@type\":\"ImageObject\",\"@id\":\"https:\/\/demo.tz-viskovo.hr\/de\/gastro\/cafe-und-bars\/#primaryimage\",\"inLanguage\":\"de\",\"url\":\"https:\/\/demo.tz-viskovo.hr\/wp-content\/uploads\/2019\/05\/topla-cokolada.jpg\",\"contentUrl\":\"https:\/\/demo.tz-viskovo.hr\/wp-content\/uploads\/2019\/05\/topla-cokolada.jpg\",\"width\":1280,\"height\":634},{\"@type\":\"WebPage\",\"@id\":\"https:\/\/demo.tz-viskovo.hr\/de\/gastro\/cafe-und-bars\/#webpage\",\"url\":\"https:\/\/demo.tz-viskovo.hr\/de\/gastro\/cafe-und-bars\/\",\"name\":\"Caf\\u00e9 und Bars - Turisti\\u010dka zajednica op\\u0107ine Vi\\u0161kovo\",\"isPartOf\":{\"@id\":\"https:\/\/demo.tz-viskovo.hr\/it\/#website\"},\"primaryImageOfPage\":{\"@id\":\"https:\/\/demo.tz-viskovo.hr\/de\/gastro\/cafe-und-bars\/#primaryimage\"},\"datePublished\":\"2019-08-22T20:01:38+00:00\",\"dateModified\":\"2019-08-22T20:01:39+00:00\",\"breadcrumb\":{\"@id\":\"https:\/\/demo.tz-viskovo.hr\/de\/gastro\/cafe-und-bars\/#breadcrumb\"},\"inLanguage\":\"de\",\"potentialAction\":[{\"@type\":\"ReadAction\",\"target\":[\"https:\/\/demo.tz-viskovo.hr\/de\/gastro\/cafe-und-bars\/\"]}]},{\"@type\":\"BreadcrumbList\",\"@id\":\"https:\/\/demo.tz-viskovo.hr\/de\/gastro\/cafe-und-bars\/#breadcrumb\",\"itemListElement\":[{\"@type\":\"ListItem\",\"position\":1,\"name\":\"Home\",\"item\":\"https:\/\/demo.tz-viskovo.hr\/de\/\"},{\"@type\":\"ListItem\",\"position\":2,\"name\":\"Gastro\",\"item\":\"https:\/\/demo.tz-viskovo.hr\/de\/gastro\/\"},{\"@type\":\"ListItem\",\"position\":3,\"name\":\"Caf\\u00e9 und Bars\"}]}]}<\/script>\n<!-- \/ Yoast SEO plugin. -->","yoast_head_json":{"robots":{"index":"index","follow":"follow","max-snippet":"max-snippet:-1","max-image-preview":"max-image-preview:large","max-video-preview":"max-video-preview:-1"},"canonical":"https:\/\/demo.tz-viskovo.hr\/de\/gastro\/cafe-und-bars\/","og_locale":"de_DE","og_type":"article","og_title":"Caf\u00e9 und Bars - Turisti\u010dka zajednica op\u0107ine Vi\u0161kovo","og_url":"https:\/\/demo.tz-viskovo.hr\/de\/gastro\/cafe-und-bars\/","og_site_name":"Turisti\u010dka zajednica op\u0107ine Vi\u0161kovo","article_modified_time":"2019-08-22T20:01:39+00:00","og_image":[{"width":1280,"height":634,"url":"https:\/\/demo.tz-viskovo.hr\/wp-content\/uploads\/2019\/05\/topla-cokolada.jpg","type":"image\/jpeg"}],"twitter_card":"summary_large_image","schema":{"@context":"https:\/\/schema.org","@graph":[{"@type":"WebSite","@id":"https:\/\/demo.tz-viskovo.hr\/it\/#website","url":"https:\/\/demo.tz-viskovo.hr\/it\/","name":"Turisti\u010dka zajednica op\u0107ine Vi\u0161kovo","description":"","potentialAction":[{"@type":"SearchAction","target":{"@type":"EntryPoint","urlTemplate":"https:\/\/demo.tz-viskovo.hr\/it\/?s={search_term_string}"},"query-input":"required name=search_term_string"}],"inLanguage":"de"},{"@type":"ImageObject","@id":"https:\/\/demo.tz-viskovo.hr\/de\/gastro\/cafe-und-bars\/#primaryimage","inLanguage":"de","url":"https:\/\/demo.tz-viskovo.hr\/wp-content\/uploads\/2019\/05\/topla-cokolada.jpg","contentUrl":"https:\/\/demo.tz-viskovo.hr\/wp-content\/uploads\/2019\/05\/topla-cokolada.jpg","width":1280,"height":634},{"@type":"WebPage","@id":"https:\/\/demo.tz-viskovo.hr\/de\/gastro\/cafe-und-bars\/#webpage","url":"https:\/\/demo.tz-viskovo.hr\/de\/gastro\/cafe-und-bars\/","name":"Caf\u00e9 und Bars - Turisti\u010dka zajednica op\u0107ine Vi\u0161kovo","isPartOf":{"@id":"https:\/\/demo.tz-viskovo.hr\/it\/#website"},"primaryImageOfPage":{"@id":"https:\/\/demo.tz-viskovo.hr\/de\/gastro\/cafe-und-bars\/#primaryimage"},"datePublished":"2019-08-22T20:01:38+00:00","dateModified":"2019-08-22T20:01:39+00:00","breadcrumb":{"@id":"https:\/\/demo.tz-viskovo.hr\/de\/gastro\/cafe-und-bars\/#breadcrumb"},"inLanguage":"de","potentialAction":[{"@type":"ReadAction","target":["https:\/\/demo.tz-viskovo.hr\/de\/gastro\/cafe-und-bars\/"]}]},{"@type":"BreadcrumbList","@id":"https:\/\/demo.tz-viskovo.hr\/de\/gastro\/cafe-und-bars\/#breadcrumb","itemListElement":[{"@type":"ListItem","position":1,"name":"Home","item":"https:\/\/demo.tz-viskovo.hr\/de\/"},{"@type":"ListItem","position":2,"name":"Gastro","item":"https:\/\/demo.tz-viskovo.hr\/de\/gastro\/"},{"@type":"ListItem","position":3,"name":"Caf\u00e9 und Bars"}]}]}},"_links":{"self":[{"href":"https:\/\/demo.tz-viskovo.hr\/de\/wp-json\/wp\/v2\/pages\/6611"}],"collection":[{"href":"https:\/\/demo.tz-viskovo.hr\/de\/wp-json\/wp\/v2\/pages"}],"about":[{"href":"https:\/\/demo.tz-viskovo.hr\/de\/wp-json\/wp\/v2\/types\/page"}],"author":[{"embeddable":true,"href":"https:\/\/demo.tz-viskovo.hr\/de\/wp-json\/wp\/v2\/users\/1"}],"replies":[{"embeddable":true,"href":"https:\/\/demo.tz-viskovo.hr\/de\/wp-json\/wp\/v2\/comments?post=6611"}],"version-history":[{"count":1,"href":"https:\/\/demo.tz-viskovo.hr\/de\/wp-json\/wp\/v2\/pages\/6611\/revisions"}],"predecessor-version":[{"id":6612,"href":"https:\/\/demo.tz-viskovo.hr\/de\/wp-json\/wp\/v2\/pages\/6611\/revisions\/6612"}],"up":[{"embeddable":true,"href":"https:\/\/demo.tz-viskovo.hr\/de\/wp-json\/wp\/v2\/pages\/3364"}],"wp:featuredmedia":[{"embeddable":true,"href":"https:\/\/demo.tz-viskovo.hr\/de\/wp-json\/wp\/v2\/media\/6613"}],"wp:attachment":[{"href":"https:\/\/demo.tz-viskovo.hr\/de\/wp-json\/wp\/v2\/media?parent=6611"}],"curies":[{"name":"wp","href":"https:\/\/api.w.org\/{rel}","templated":true}]}}

Café und Bars

<!-- This site is optimized with the Yoast SEO plugin v17.6 - https://yoast.com/wordpress/plugins/seo/ -->
<meta name="robots" content="index, follow, max-snippet:-1, max-image-preview:large, max-video-preview:-1" />
<link rel="canonical" href="https://demo.tz-viskovo.hr/de/gastro/cafe-und-bars/" />
<meta property="og:locale" content="de_DE" />
<meta property="og:type" content="article" />
<meta property="og:title" content="Café und Bars - Turistička zajednica općine Viškovo" />
<meta property="og:url" content="https://demo.tz-viskovo.hr/de/gastro/cafe-und-bars/" />
<meta property="og:site_name" content="Turistička zajednica općine Viškovo" />
<meta property="article:modified_time" content="2019-08-22T20:01:39+00:00" />
<meta property="og:image" content="https://demo.tz-viskovo.hr/wp-content/uploads/2019/05/topla-cokolada.jpg" />
	<meta property="og:image:width" content="1280" />
	<meta property="og:image:height" content="634" />
<meta name="twitter:card" content="summary_large_image" />
<script type="application/ld+json" class="yoast-schema-graph">{"@context":"https://schema.org","@graph":[{"@type":"WebSite","@id":"https://demo.tz-viskovo.hr/it/#website","url":"https://demo.tz-viskovo.hr/it/","name":"Turisti\u010dka zajednica op\u0107ine Vi\u0161kovo","description":"","potentialAction":[{"@type":"SearchAction","target":{"@type":"EntryPoint","urlTemplate":"https://demo.tz-viskovo.hr/it/?s={search_term_string}"},"query-input":"required name=search_term_string"}],"inLanguage":"de"},{"@type":"ImageObject","@id":"https://demo.tz-viskovo.hr/de/gastro/cafe-und-bars/#primaryimage","inLanguage":"de","url":"https://demo.tz-viskovo.hr/wp-content/uploads/2019/05/topla-cokolada.jpg","contentUrl":"https://demo.tz-viskovo.hr/wp-content/uploads/2019/05/topla-cokolada.jpg","width":1280,"height":634},{"@type":"WebPage","@id":"https://demo.tz-viskovo.hr/de/gastro/cafe-und-bars/#webpage","url":"https://demo.tz-viskovo.hr/de/gastro/cafe-und-bars/","name":"Caf\u00e9 und Bars - Turisti\u010dka zajednica op\u0107ine Vi\u0161kovo","isPartOf":{"@id":"https://demo.tz-viskovo.hr/it/#website"},"primaryImageOfPage":{"@id":"https://demo.tz-viskovo.hr/de/gastro/cafe-und-bars/#primaryimage"},"datePublished":"2019-08-22T20:01:38+00:00","dateModified":"2019-08-22T20:01:39+00:00","breadcrumb":{"@id":"https://demo.tz-viskovo.hr/de/gastro/cafe-und-bars/#breadcrumb"},"inLanguage":"de","potentialAction":[{"@type":"ReadAction","target":["https://demo.tz-viskovo.hr/de/gastro/cafe-und-bars/"]}]},{"@type":"BreadcrumbList","@id":"https://demo.tz-viskovo.hr/de/gastro/cafe-und-bars/#breadcrumb","itemListElement":[{"@type":"ListItem","position":1,"name":"Home","item":"https://demo.tz-viskovo.hr/de/"},{"@type":"ListItem","position":2,"name":"Gastro","item":"https://demo.tz-viskovo.hr/de/gastro/"},{"@type":"ListItem","position":3,"name":"Caf\u00e9 und Bars"}]}]}</script>
<!-- / Yoast SEO plugin. -->

Café und Bars - Turistička zajednica općine Viškovo

Turistička zajednica općine Viškovo
