{"id":4514,"date":"2019-08-22T08:05:19","date_gmt":"2019-08-22T08:05:19","guid":{"rendered":"https:\/\/demo.tz-viskovo.hr\/video\/febra-od-jubavi-glazbeni-festival-mladih-halubje-2015\/"},"modified":"2019-08-22T08:05:31","modified_gmt":"2019-08-22T08:05:31","slug":"febra-od-jubavi-glazbeni-festival-mladih-halubje-2015","status":"publish","type":"video","link":"https:\/\/demo.tz-viskovo.hr\/de\/video\/febra-od-jubavi-glazbeni-festival-mladih-halubje-2015\/","title":{"rendered":"Febra od jubavi &#8211; Glazbeni festival mladih &#8222;Halubje&#8220; 2015."},"content":{"rendered":"\n<figure class=\"wp-block-embed-youtube wp-block-embed is-type-video is-provider-youtube wp-embed-aspect-4-3 wp-has-aspect-ratio\"><div class=\"wp-block-embed__wrapper\">\n<iframe loading=\"lazy\" title=\"Febra od jubavi - Glazbeni festival mladih &quot;Halubje&quot; 2015.\" width=\"500\" height=\"375\" src=\"https:\/\/www.youtube.com\/embed\/f7iVfrn3YJE?feature=oembed\" frameborder=\"0\" allow=\"accelerometer; autoplay; encrypted-media; gyroscope; picture-in-picture\" allowfullscreen><\/iframe>\n<\/div><\/figure>\n","protected":false},"featured_media":4510,"template":"","acf":[],"yoast_head":"<!-- This site is optimized with the Yoast SEO plugin v17.6 - https:\/\/yoast.com\/wordpress\/plugins\/seo\/ -->\n<meta name=\"robots\" content=\"index, follow, max-snippet:-1, max-image-preview:large, max-video-preview:-1\" \/>\n<link rel=\"canonical\" href=\"https:\/\/demo.tz-viskovo.hr\/de\/video\/febra-od-jubavi-glazbeni-festival-mladih-halubje-2015\/\" \/>\n<meta property=\"og:locale\" content=\"de_DE\" \/>\n<meta property=\"og:type\" content=\"article\" \/>\n<meta property=\"og:title\" content=\"Febra od jubavi - Glazbeni festival mladih &quot;Halubje&quot; 2015. - Turisti\u010dka zajednica op\u0107ine Vi\u0161kovo\" \/>\n<meta property=\"og:url\" content=\"https:\/\/demo.tz-viskovo.hr\/de\/video\/febra-od-jubavi-glazbeni-festival-mladih-halubje-2015\/\" \/>\n<meta property=\"og:site_name\" content=\"Turisti\u010dka zajednica op\u0107ine Vi\u0161kovo\" \/>\n<meta property=\"article:modified_time\" content=\"2019-08-22T08:05:31+00:00\" \/>\n<meta property=\"og:image\" content=\"https:\/\/demo.tz-viskovo.hr\/wp-content\/uploads\/2019\/08\/Untitled-1-2.jpg\" \/>\n\t<meta property=\"og:image:width\" content=\"369\" \/>\n\t<meta property=\"og:image:height\" content=\"357\" \/>\n<meta name=\"twitter:card\" content=\"summary_large_image\" \/>\n<script type=\"application\/ld+json\" class=\"yoast-schema-graph\">{\"@context\":\"https:\/\/schema.org\",\"@graph\":[{\"@type\":\"WebSite\",\"@id\":\"https:\/\/demo.tz-viskovo.hr\/it\/#website\",\"url\":\"https:\/\/demo.tz-viskovo.hr\/it\/\",\"name\":\"Turisti\\u010dka zajednica op\\u0107ine Vi\\u0161kovo\",\"description\":\"\",\"potentialAction\":[{\"@type\":\"SearchAction\",\"target\":{\"@type\":\"EntryPoint\",\"urlTemplate\":\"https:\/\/demo.tz-viskovo.hr\/it\/?s={search_term_string}\"},\"query-input\":\"required name=search_term_string\"}],\"inLanguage\":\"de\"},{\"@type\":\"ImageObject\",\"@id\":\"https:\/\/demo.tz-viskovo.hr\/de\/video\/febra-od-jubavi-glazbeni-festival-mladih-halubje-2015\/#primaryimage\",\"inLanguage\":\"de\",\"url\":\"https:\/\/demo.tz-viskovo.hr\/wp-content\/uploads\/2019\/08\/Untitled-1-2.jpg\",\"contentUrl\":\"https:\/\/demo.tz-viskovo.hr\/wp-content\/uploads\/2019\/08\/Untitled-1-2.jpg\",\"width\":369,\"height\":357},{\"@type\":\"WebPage\",\"@id\":\"https:\/\/demo.tz-viskovo.hr\/de\/video\/febra-od-jubavi-glazbeni-festival-mladih-halubje-2015\/#webpage\",\"url\":\"https:\/\/demo.tz-viskovo.hr\/de\/video\/febra-od-jubavi-glazbeni-festival-mladih-halubje-2015\/\",\"name\":\"Febra od jubavi - Glazbeni festival mladih \\\"Halubje\\\" 2015. - Turisti\\u010dka zajednica op\\u0107ine Vi\\u0161kovo\",\"isPartOf\":{\"@id\":\"https:\/\/demo.tz-viskovo.hr\/it\/#website\"},\"primaryImageOfPage\":{\"@id\":\"https:\/\/demo.tz-viskovo.hr\/de\/video\/febra-od-jubavi-glazbeni-festival-mladih-halubje-2015\/#primaryimage\"},\"datePublished\":\"2019-08-22T08:05:19+00:00\",\"dateModified\":\"2019-08-22T08:05:31+00:00\",\"breadcrumb\":{\"@id\":\"https:\/\/demo.tz-viskovo.hr\/de\/video\/febra-od-jubavi-glazbeni-festival-mladih-halubje-2015\/#breadcrumb\"},\"inLanguage\":\"de\",\"potentialAction\":[{\"@type\":\"ReadAction\",\"target\":[\"https:\/\/demo.tz-viskovo.hr\/de\/video\/febra-od-jubavi-glazbeni-festival-mladih-halubje-2015\/\"]}]},{\"@type\":\"BreadcrumbList\",\"@id\":\"https:\/\/demo.tz-viskovo.hr\/de\/video\/febra-od-jubavi-glazbeni-festival-mladih-halubje-2015\/#breadcrumb\",\"itemListElement\":[{\"@type\":\"ListItem\",\"position\":1,\"name\":\"Home\",\"item\":\"https:\/\/demo.tz-viskovo.hr\/de\/\"},{\"@type\":\"ListItem\",\"position\":2,\"name\":\"Febra od jubavi &#8211; Glazbeni festival mladih &#8222;Halubje&#8220; 2015.\"}]}]}<\/script>\n<!-- \/ Yoast SEO plugin. -->","yoast_head_json":{"robots":{"index":"index","follow":"follow","max-snippet":"max-snippet:-1","max-image-preview":"max-image-preview:large","max-video-preview":"max-video-preview:-1"},"canonical":"https:\/\/demo.tz-viskovo.hr\/de\/video\/febra-od-jubavi-glazbeni-festival-mladih-halubje-2015\/","og_locale":"de_DE","og_type":"article","og_title":"Febra od jubavi - Glazbeni festival mladih \"Halubje\" 2015. - Turisti\u010dka zajednica op\u0107ine Vi\u0161kovo","og_url":"https:\/\/demo.tz-viskovo.hr\/de\/video\/febra-od-jubavi-glazbeni-festival-mladih-halubje-2015\/","og_site_name":"Turisti\u010dka zajednica op\u0107ine Vi\u0161kovo","article_modified_time":"2019-08-22T08:05:31+00:00","og_image":[{"width":369,"height":357,"url":"https:\/\/demo.tz-viskovo.hr\/wp-content\/uploads\/2019\/08\/Untitled-1-2.jpg","type":"image\/jpeg"}],"twitter_card":"summary_large_image","schema":{"@context":"https:\/\/schema.org","@graph":[{"@type":"WebSite","@id":"https:\/\/demo.tz-viskovo.hr\/it\/#website","url":"https:\/\/demo.tz-viskovo.hr\/it\/","name":"Turisti\u010dka zajednica op\u0107ine Vi\u0161kovo","description":"","potentialAction":[{"@type":"SearchAction","target":{"@type":"EntryPoint","urlTemplate":"https:\/\/demo.tz-viskovo.hr\/it\/?s={search_term_string}"},"query-input":"required name=search_term_string"}],"inLanguage":"de"},{"@type":"ImageObject","@id":"https:\/\/demo.tz-viskovo.hr\/de\/video\/febra-od-jubavi-glazbeni-festival-mladih-halubje-2015\/#primaryimage","inLanguage":"de","url":"https:\/\/demo.tz-viskovo.hr\/wp-content\/uploads\/2019\/08\/Untitled-1-2.jpg","contentUrl":"https:\/\/demo.tz-viskovo.hr\/wp-content\/uploads\/2019\/08\/Untitled-1-2.jpg","width":369,"height":357},{"@type":"WebPage","@id":"https:\/\/demo.tz-viskovo.hr\/de\/video\/febra-od-jubavi-glazbeni-festival-mladih-halubje-2015\/#webpage","url":"https:\/\/demo.tz-viskovo.hr\/de\/video\/febra-od-jubavi-glazbeni-festival-mladih-halubje-2015\/","name":"Febra od jubavi - Glazbeni festival mladih \"Halubje\" 2015. - Turisti\u010dka zajednica op\u0107ine Vi\u0161kovo","isPartOf":{"@id":"https:\/\/demo.tz-viskovo.hr\/it\/#website"},"primaryImageOfPage":{"@id":"https:\/\/demo.tz-viskovo.hr\/de\/video\/febra-od-jubavi-glazbeni-festival-mladih-halubje-2015\/#primaryimage"},"datePublished":"2019-08-22T08:05:19+00:00","dateModified":"2019-08-22T08:05:31+00:00","breadcrumb":{"@id":"https:\/\/demo.tz-viskovo.hr\/de\/video\/febra-od-jubavi-glazbeni-festival-mladih-halubje-2015\/#breadcrumb"},"inLanguage":"de","potentialAction":[{"@type":"ReadAction","target":["https:\/\/demo.tz-viskovo.hr\/de\/video\/febra-od-jubavi-glazbeni-festival-mladih-halubje-2015\/"]}]},{"@type":"BreadcrumbList","@id":"https:\/\/demo.tz-viskovo.hr\/de\/video\/febra-od-jubavi-glazbeni-festival-mladih-halubje-2015\/#breadcrumb","itemListElement":[{"@type":"ListItem","position":1,"name":"Home","item":"https:\/\/demo.tz-viskovo.hr\/de\/"},{"@type":"ListItem","position":2,"name":"Febra od jubavi &#8211; Glazbeni festival mladih &#8222;Halubje&#8220; 2015."}]}]}},"_links":{"self":[{"href":"https:\/\/demo.tz-viskovo.hr\/de\/wp-json\/wp\/v2\/video\/4514"}],"collection":[{"href":"https:\/\/demo.tz-viskovo.hr\/de\/wp-json\/wp\/v2\/video"}],"about":[{"href":"https:\/\/demo.tz-viskovo.hr\/de\/wp-json\/wp\/v2\/types\/video"}],"wp:featuredmedia":[{"embeddable":true,"href":"https:\/\/demo.tz-viskovo.hr\/de\/wp-json\/wp\/v2\/media\/4510"}],"wp:attachment":[{"href":"https:\/\/demo.tz-viskovo.hr\/de\/wp-json\/wp\/v2\/media?parent=4514"}],"curies":[{"name":"wp","href":"https:\/\/api.w.org\/{rel}","templated":true}]}}

<!-- This site is optimized with the Yoast SEO plugin v17.6 - https://yoast.com/wordpress/plugins/seo/ -->
<meta name="robots" content="index, follow, max-snippet:-1, max-image-preview:large, max-video-preview:-1" />
<link rel="canonical" href="https://demo.tz-viskovo.hr/de/video/febra-od-jubavi-glazbeni-festival-mladih-halubje-2015/" />
<meta property="og:locale" content="de_DE" />
<meta property="og:type" content="article" />
<meta property="og:title" content="Febra od jubavi - Glazbeni festival mladih &quot;Halubje&quot; 2015. - Turistička zajednica općine Viškovo" />
<meta property="og:url" content="https://demo.tz-viskovo.hr/de/video/febra-od-jubavi-glazbeni-festival-mladih-halubje-2015/" />
<meta property="og:site_name" content="Turistička zajednica općine Viškovo" />
<meta property="article:modified_time" content="2019-08-22T08:05:31+00:00" />
<meta property="og:image" content="https://demo.tz-viskovo.hr/wp-content/uploads/2019/08/Untitled-1-2.jpg" />
	<meta property="og:image:width" content="369" />
	<meta property="og:image:height" content="357" />
<meta name="twitter:card" content="summary_large_image" />
<script type="application/ld+json" class="yoast-schema-graph">{"@context":"https://schema.org","@graph":[{"@type":"WebSite","@id":"https://demo.tz-viskovo.hr/it/#website","url":"https://demo.tz-viskovo.hr/it/","name":"Turisti\u010dka zajednica op\u0107ine Vi\u0161kovo","description":"","potentialAction":[{"@type":"SearchAction","target":{"@type":"EntryPoint","urlTemplate":"https://demo.tz-viskovo.hr/it/?s={search_term_string}"},"query-input":"required name=search_term_string"}],"inLanguage":"de"},{"@type":"ImageObject","@id":"https://demo.tz-viskovo.hr/de/video/febra-od-jubavi-glazbeni-festival-mladih-halubje-2015/#primaryimage","inLanguage":"de","url":"https://demo.tz-viskovo.hr/wp-content/uploads/2019/08/Untitled-1-2.jpg","contentUrl":"https://demo.tz-viskovo.hr/wp-content/uploads/2019/08/Untitled-1-2.jpg","width":369,"height":357},{"@type":"WebPage","@id":"https://demo.tz-viskovo.hr/de/video/febra-od-jubavi-glazbeni-festival-mladih-halubje-2015/#webpage","url":"https://demo.tz-viskovo.hr/de/video/febra-od-jubavi-glazbeni-festival-mladih-halubje-2015/","name":"Febra od jubavi - Glazbeni festival mladih \"Halubje\" 2015. - Turisti\u010dka zajednica op\u0107ine Vi\u0161kovo","isPartOf":{"@id":"https://demo.tz-viskovo.hr/it/#website"},"primaryImageOfPage":{"@id":"https://demo.tz-viskovo.hr/de/video/febra-od-jubavi-glazbeni-festival-mladih-halubje-2015/#primaryimage"},"datePublished":"2019-08-22T08:05:19+00:00","dateModified":"2019-08-22T08:05:31+00:00","breadcrumb":{"@id":"https://demo.tz-viskovo.hr/de/video/febra-od-jubavi-glazbeni-festival-mladih-halubje-2015/#breadcrumb"},"inLanguage":"de","potentialAction":[{"@type":"ReadAction","target":["https://demo.tz-viskovo.hr/de/video/febra-od-jubavi-glazbeni-festival-mladih-halubje-2015/"]}]},{"@type":"BreadcrumbList","@id":"https://demo.tz-viskovo.hr/de/video/febra-od-jubavi-glazbeni-festival-mladih-halubje-2015/#breadcrumb","itemListElement":[{"@type":"ListItem","position":1,"name":"Home","item":"https://demo.tz-viskovo.hr/de/"},{"@type":"ListItem","position":2,"name":"Febra od jubavi &#8211; Glazbeni festival mladih &#8222;Halubje&#8220; 2015."}]}]}</script>
<!-- / Yoast SEO plugin. -->

Febra od jubavi - Glazbeni festival mladih "Halubje" 2015. - Turistička zajednica općine Viškovo

Turistička zajednica općine Viškovo
