{"id":4569,"date":"2019-08-22T09:01:42","date_gmt":"2019-08-22T09:01:42","guid":{"rendered":"https:\/\/demo.tz-viskovo.hr\/video\/opcina-viskovo-manifestacija-sterne\/"},"modified":"2019-08-22T09:01:53","modified_gmt":"2019-08-22T09:01:53","slug":"opcina-viskovo-manifestacija-sterne","status":"publish","type":"video","link":"https:\/\/demo.tz-viskovo.hr\/de\/video\/opcina-viskovo-manifestacija-sterne\/","title":{"rendered":"Op\u0107ina Vi\u0161kovo: manifestacija &#8222;\u0160terne&#8220;"},"content":{"rendered":"\n<figure class=\"wp-block-embed-youtube wp-block-embed is-type-video is-provider-youtube wp-embed-aspect-16-9 wp-has-aspect-ratio\"><div class=\"wp-block-embed__wrapper\">\n<iframe loading=\"lazy\" title=\"Op\u0107ina Vi\u0161kovo: manifestacija &quot;\u0160terne&quot;\" width=\"500\" height=\"281\" src=\"https:\/\/www.youtube.com\/embed\/Pk49h4i708s?feature=oembed\" frameborder=\"0\" allow=\"accelerometer; autoplay; encrypted-media; gyroscope; picture-in-picture\" allowfullscreen><\/iframe>\n<\/div><\/figure>\n","protected":false},"featured_media":4565,"template":"","acf":[],"yoast_head":"<!-- This site is optimized with the Yoast SEO plugin v17.6 - https:\/\/yoast.com\/wordpress\/plugins\/seo\/ -->\n<meta name=\"robots\" content=\"index, follow, max-snippet:-1, max-image-preview:large, max-video-preview:-1\" \/>\n<link rel=\"canonical\" href=\"https:\/\/demo.tz-viskovo.hr\/de\/video\/opcina-viskovo-manifestacija-sterne\/\" \/>\n<meta property=\"og:locale\" content=\"de_DE\" \/>\n<meta property=\"og:type\" content=\"article\" \/>\n<meta property=\"og:title\" content=\"Op\u0107ina Vi\u0161kovo: manifestacija &quot;\u0160terne&quot; - Turisti\u010dka zajednica op\u0107ine Vi\u0161kovo\" \/>\n<meta property=\"og:url\" content=\"https:\/\/demo.tz-viskovo.hr\/de\/video\/opcina-viskovo-manifestacija-sterne\/\" \/>\n<meta property=\"og:site_name\" content=\"Turisti\u010dka zajednica op\u0107ine Vi\u0161kovo\" \/>\n<meta property=\"article:modified_time\" content=\"2019-08-22T09:01:53+00:00\" \/>\n<meta property=\"og:image\" content=\"https:\/\/demo.tz-viskovo.hr\/wp-content\/uploads\/2019\/08\/Untitled-1-7.jpg\" \/>\n\t<meta property=\"og:image:width\" content=\"594\" \/>\n\t<meta property=\"og:image:height\" content=\"400\" \/>\n<meta name=\"twitter:card\" content=\"summary_large_image\" \/>\n<script type=\"application\/ld+json\" class=\"yoast-schema-graph\">{\"@context\":\"https:\/\/schema.org\",\"@graph\":[{\"@type\":\"WebSite\",\"@id\":\"https:\/\/demo.tz-viskovo.hr\/it\/#website\",\"url\":\"https:\/\/demo.tz-viskovo.hr\/it\/\",\"name\":\"Turisti\\u010dka zajednica op\\u0107ine Vi\\u0161kovo\",\"description\":\"\",\"potentialAction\":[{\"@type\":\"SearchAction\",\"target\":{\"@type\":\"EntryPoint\",\"urlTemplate\":\"https:\/\/demo.tz-viskovo.hr\/it\/?s={search_term_string}\"},\"query-input\":\"required name=search_term_string\"}],\"inLanguage\":\"de\"},{\"@type\":\"ImageObject\",\"@id\":\"https:\/\/demo.tz-viskovo.hr\/de\/video\/opcina-viskovo-manifestacija-sterne\/#primaryimage\",\"inLanguage\":\"de\",\"url\":\"https:\/\/demo.tz-viskovo.hr\/wp-content\/uploads\/2019\/08\/Untitled-1-7.jpg\",\"contentUrl\":\"https:\/\/demo.tz-viskovo.hr\/wp-content\/uploads\/2019\/08\/Untitled-1-7.jpg\",\"width\":594,\"height\":400},{\"@type\":\"WebPage\",\"@id\":\"https:\/\/demo.tz-viskovo.hr\/de\/video\/opcina-viskovo-manifestacija-sterne\/#webpage\",\"url\":\"https:\/\/demo.tz-viskovo.hr\/de\/video\/opcina-viskovo-manifestacija-sterne\/\",\"name\":\"Op\\u0107ina Vi\\u0161kovo: manifestacija \\\"\\u0160terne\\\" - Turisti\\u010dka zajednica op\\u0107ine Vi\\u0161kovo\",\"isPartOf\":{\"@id\":\"https:\/\/demo.tz-viskovo.hr\/it\/#website\"},\"primaryImageOfPage\":{\"@id\":\"https:\/\/demo.tz-viskovo.hr\/de\/video\/opcina-viskovo-manifestacija-sterne\/#primaryimage\"},\"datePublished\":\"2019-08-22T09:01:42+00:00\",\"dateModified\":\"2019-08-22T09:01:53+00:00\",\"breadcrumb\":{\"@id\":\"https:\/\/demo.tz-viskovo.hr\/de\/video\/opcina-viskovo-manifestacija-sterne\/#breadcrumb\"},\"inLanguage\":\"de\",\"potentialAction\":[{\"@type\":\"ReadAction\",\"target\":[\"https:\/\/demo.tz-viskovo.hr\/de\/video\/opcina-viskovo-manifestacija-sterne\/\"]}]},{\"@type\":\"BreadcrumbList\",\"@id\":\"https:\/\/demo.tz-viskovo.hr\/de\/video\/opcina-viskovo-manifestacija-sterne\/#breadcrumb\",\"itemListElement\":[{\"@type\":\"ListItem\",\"position\":1,\"name\":\"Home\",\"item\":\"https:\/\/demo.tz-viskovo.hr\/de\/\"},{\"@type\":\"ListItem\",\"position\":2,\"name\":\"Op\\u0107ina Vi\\u0161kovo: manifestacija &#8222;\\u0160terne&#8220;\"}]}]}<\/script>\n<!-- \/ Yoast SEO plugin. -->","yoast_head_json":{"robots":{"index":"index","follow":"follow","max-snippet":"max-snippet:-1","max-image-preview":"max-image-preview:large","max-video-preview":"max-video-preview:-1"},"canonical":"https:\/\/demo.tz-viskovo.hr\/de\/video\/opcina-viskovo-manifestacija-sterne\/","og_locale":"de_DE","og_type":"article","og_title":"Op\u0107ina Vi\u0161kovo: manifestacija \"\u0160terne\" - Turisti\u010dka zajednica op\u0107ine Vi\u0161kovo","og_url":"https:\/\/demo.tz-viskovo.hr\/de\/video\/opcina-viskovo-manifestacija-sterne\/","og_site_name":"Turisti\u010dka zajednica op\u0107ine Vi\u0161kovo","article_modified_time":"2019-08-22T09:01:53+00:00","og_image":[{"width":594,"height":400,"url":"https:\/\/demo.tz-viskovo.hr\/wp-content\/uploads\/2019\/08\/Untitled-1-7.jpg","type":"image\/jpeg"}],"twitter_card":"summary_large_image","schema":{"@context":"https:\/\/schema.org","@graph":[{"@type":"WebSite","@id":"https:\/\/demo.tz-viskovo.hr\/it\/#website","url":"https:\/\/demo.tz-viskovo.hr\/it\/","name":"Turisti\u010dka zajednica op\u0107ine Vi\u0161kovo","description":"","potentialAction":[{"@type":"SearchAction","target":{"@type":"EntryPoint","urlTemplate":"https:\/\/demo.tz-viskovo.hr\/it\/?s={search_term_string}"},"query-input":"required name=search_term_string"}],"inLanguage":"de"},{"@type":"ImageObject","@id":"https:\/\/demo.tz-viskovo.hr\/de\/video\/opcina-viskovo-manifestacija-sterne\/#primaryimage","inLanguage":"de","url":"https:\/\/demo.tz-viskovo.hr\/wp-content\/uploads\/2019\/08\/Untitled-1-7.jpg","contentUrl":"https:\/\/demo.tz-viskovo.hr\/wp-content\/uploads\/2019\/08\/Untitled-1-7.jpg","width":594,"height":400},{"@type":"WebPage","@id":"https:\/\/demo.tz-viskovo.hr\/de\/video\/opcina-viskovo-manifestacija-sterne\/#webpage","url":"https:\/\/demo.tz-viskovo.hr\/de\/video\/opcina-viskovo-manifestacija-sterne\/","name":"Op\u0107ina Vi\u0161kovo: manifestacija \"\u0160terne\" - Turisti\u010dka zajednica op\u0107ine Vi\u0161kovo","isPartOf":{"@id":"https:\/\/demo.tz-viskovo.hr\/it\/#website"},"primaryImageOfPage":{"@id":"https:\/\/demo.tz-viskovo.hr\/de\/video\/opcina-viskovo-manifestacija-sterne\/#primaryimage"},"datePublished":"2019-08-22T09:01:42+00:00","dateModified":"2019-08-22T09:01:53+00:00","breadcrumb":{"@id":"https:\/\/demo.tz-viskovo.hr\/de\/video\/opcina-viskovo-manifestacija-sterne\/#breadcrumb"},"inLanguage":"de","potentialAction":[{"@type":"ReadAction","target":["https:\/\/demo.tz-viskovo.hr\/de\/video\/opcina-viskovo-manifestacija-sterne\/"]}]},{"@type":"BreadcrumbList","@id":"https:\/\/demo.tz-viskovo.hr\/de\/video\/opcina-viskovo-manifestacija-sterne\/#breadcrumb","itemListElement":[{"@type":"ListItem","position":1,"name":"Home","item":"https:\/\/demo.tz-viskovo.hr\/de\/"},{"@type":"ListItem","position":2,"name":"Op\u0107ina Vi\u0161kovo: manifestacija &#8222;\u0160terne&#8220;"}]}]}},"_links":{"self":[{"href":"https:\/\/demo.tz-viskovo.hr\/de\/wp-json\/wp\/v2\/video\/4569"}],"collection":[{"href":"https:\/\/demo.tz-viskovo.hr\/de\/wp-json\/wp\/v2\/video"}],"about":[{"href":"https:\/\/demo.tz-viskovo.hr\/de\/wp-json\/wp\/v2\/types\/video"}],"wp:featuredmedia":[{"embeddable":true,"href":"https:\/\/demo.tz-viskovo.hr\/de\/wp-json\/wp\/v2\/media\/4565"}],"wp:attachment":[{"href":"https:\/\/demo.tz-viskovo.hr\/de\/wp-json\/wp\/v2\/media?parent=4569"}],"curies":[{"name":"wp","href":"https:\/\/api.w.org\/{rel}","templated":true}]}}

Općina Viškovo: manifestacija &#8222;Šterne&#8220;

<figure class="wp-block-embed-youtube wp-block-embed is-type-video is-provider-youtube wp-embed-aspect-16-9 wp-has-aspect-ratio"><div class="wp-block-embed__wrapper">
<iframe loading="lazy" title="Općina Viškovo: manifestacija &quot;Šterne&quot;" width="500" height="281" src="https://www.youtube.com/embed/Pk49h4i708s?feature=oembed" frameborder="0" allow="accelerometer; autoplay; encrypted-media; gyroscope; picture-in-picture" allowfullscreen></iframe>
</div></figure>

<!-- This site is optimized with the Yoast SEO plugin v17.6 - https://yoast.com/wordpress/plugins/seo/ -->
<meta name="robots" content="index, follow, max-snippet:-1, max-image-preview:large, max-video-preview:-1" />
<link rel="canonical" href="https://demo.tz-viskovo.hr/de/video/opcina-viskovo-manifestacija-sterne/" />
<meta property="og:locale" content="de_DE" />
<meta property="og:type" content="article" />
<meta property="og:title" content="Općina Viškovo: manifestacija &quot;Šterne&quot; - Turistička zajednica općine Viškovo" />
<meta property="og:url" content="https://demo.tz-viskovo.hr/de/video/opcina-viskovo-manifestacija-sterne/" />
<meta property="og:site_name" content="Turistička zajednica općine Viškovo" />
<meta property="article:modified_time" content="2019-08-22T09:01:53+00:00" />
<meta property="og:image" content="https://demo.tz-viskovo.hr/wp-content/uploads/2019/08/Untitled-1-7.jpg" />
	<meta property="og:image:width" content="594" />
	<meta property="og:image:height" content="400" />
<meta name="twitter:card" content="summary_large_image" />
<script type="application/ld+json" class="yoast-schema-graph">{"@context":"https://schema.org","@graph":[{"@type":"WebSite","@id":"https://demo.tz-viskovo.hr/it/#website","url":"https://demo.tz-viskovo.hr/it/","name":"Turisti\u010dka zajednica op\u0107ine Vi\u0161kovo","description":"","potentialAction":[{"@type":"SearchAction","target":{"@type":"EntryPoint","urlTemplate":"https://demo.tz-viskovo.hr/it/?s={search_term_string}"},"query-input":"required name=search_term_string"}],"inLanguage":"de"},{"@type":"ImageObject","@id":"https://demo.tz-viskovo.hr/de/video/opcina-viskovo-manifestacija-sterne/#primaryimage","inLanguage":"de","url":"https://demo.tz-viskovo.hr/wp-content/uploads/2019/08/Untitled-1-7.jpg","contentUrl":"https://demo.tz-viskovo.hr/wp-content/uploads/2019/08/Untitled-1-7.jpg","width":594,"height":400},{"@type":"WebPage","@id":"https://demo.tz-viskovo.hr/de/video/opcina-viskovo-manifestacija-sterne/#webpage","url":"https://demo.tz-viskovo.hr/de/video/opcina-viskovo-manifestacija-sterne/","name":"Op\u0107ina Vi\u0161kovo: manifestacija \"\u0160terne\" - Turisti\u010dka zajednica op\u0107ine Vi\u0161kovo","isPartOf":{"@id":"https://demo.tz-viskovo.hr/it/#website"},"primaryImageOfPage":{"@id":"https://demo.tz-viskovo.hr/de/video/opcina-viskovo-manifestacija-sterne/#primaryimage"},"datePublished":"2019-08-22T09:01:42+00:00","dateModified":"2019-08-22T09:01:53+00:00","breadcrumb":{"@id":"https://demo.tz-viskovo.hr/de/video/opcina-viskovo-manifestacija-sterne/#breadcrumb"},"inLanguage":"de","potentialAction":[{"@type":"ReadAction","target":["https://demo.tz-viskovo.hr/de/video/opcina-viskovo-manifestacija-sterne/"]}]},{"@type":"BreadcrumbList","@id":"https://demo.tz-viskovo.hr/de/video/opcina-viskovo-manifestacija-sterne/#breadcrumb","itemListElement":[{"@type":"ListItem","position":1,"name":"Home","item":"https://demo.tz-viskovo.hr/de/"},{"@type":"ListItem","position":2,"name":"Op\u0107ina Vi\u0161kovo: manifestacija &#8222;\u0160terne&#8220;"}]}]}</script>
<!-- / Yoast SEO plugin. -->

Općina Viškovo: manifestacija "Šterne" - Turistička zajednica općine Viškovo

Turistička zajednica općine Viškovo
