{"id":1695,"date":"2019-05-26T14:56:07","date_gmt":"2019-05-26T14:56:07","guid":{"rendered":"https:\/\/demo.tz-viskovo.hr\/viskovo\/kulturna-bastina\/spomen-dom-i-m-ronjgov\/"},"modified":"2020-09-16T09:21:15","modified_gmt":"2020-09-16T09:21:15","slug":"spomen-dom-i-m-ronjgov","status":"publish","type":"page","link":"https:\/\/demo.tz-viskovo.hr\/en\/viskovo\/kulturna-bastina\/spomen-dom-i-m-ronjgov\/","title":{"rendered":"The Ivan Mateti\u0107 Ronjgov Public Institution"},"content":{"rendered":"\n<p>The \u2018Ivan Mateti\u0107 Ronjgov\u2019 cultural institution emerged from the \u2018Ivan Mateti\u0107 Ronjgov\u2019 cultural and educational association. It was established in 1994 by a decision of the Primorje-Gorski Kotar County Assembly. With its seat in Ronjgi, Vi\u0161kovo, the institution is committed to preserving cultural heritage and authentic folklore and reviving the customs of the Halubje area. The programme and activities of the institution encompass several segments of culture.<\/p>\n\n\n\n<p>The \u2018Ivan Mateti\u0107 Ronjgov\u2019 house is a memorial museum. The memorial room is located where Ivan Mateti\u0107 Ronjgov was born and represents the nucleus of the memorial home exhibition, featuring all the important documents connected to Mateti\u0107\u2019s personal and professional life.<\/p>\n\n\n\n<p>Another important aspect of the institution\u2019s work is publishing, aimed at promoting and printing books and musical literature in the Chackavian dialect. The association organises scientific meetings aimed at researching the life and work of significant writers, artists and other prominent figures of the region whose work has left a significant mark on our region.\u00a0 With the aim of enriching the cultural life and tourist features of the Municipality of Vi\u0161kovo, the institution organises events such as <a><em>Mateti\u0107evi dani<\/em>, <em>Mantinjada pul Ronjgi<\/em>, <em>Ve\u010der pul Mateti\u0107evega ognji\u0161\u0107a<\/em>, <em>Prolje\u0107e u Ronjgima<\/em>, <em>Kanat pul Ronjgi<\/em>, <\/a>etc.\u00a0 In order to preserve the tradition of handicrafts in the Halubje area, the institution established, among other things, the Delavska Katedra Association, which has initiated several local projects such as competitions in mowing and reaping, as well a catalogue of traditional items of the Halubje area called \u2018Da se ne pozabi\u2019 (<em>So we don\u2019t forget<\/em>). <\/p>\n","protected":false},"excerpt":{"rendered":"<p>The \u2018Ivan Mateti\u0107 Ronjgov\u2019 cultural institution emerged from the \u2018Ivan Mateti\u0107 Ronjgov\u2019 cultural and educational association. It was established in 1994 by a decision of the Primorje-Gorski Kotar County Assembly. With its seat in Ronjgi, Vi\u0161kovo, the institution is committed to preserving cultural heritage and authentic folklore and reviving the customs of the Halubje area. [&hellip;]<\/p>\n","protected":false},"author":1,"featured_media":8497,"parent":1683,"menu_order":0,"comment_status":"closed","ping_status":"closed","template":"","meta":[],"acf":[],"yoast_head":"<!-- This site is optimized with the Yoast SEO plugin v17.6 - https:\/\/yoast.com\/wordpress\/plugins\/seo\/ -->\n<meta name=\"robots\" content=\"index, follow, max-snippet:-1, max-image-preview:large, max-video-preview:-1\" \/>\n<link rel=\"canonical\" href=\"https:\/\/demo.tz-viskovo.hr\/en\/viskovo\/kulturna-bastina\/spomen-dom-i-m-ronjgov\/\" \/>\n<meta property=\"og:locale\" content=\"en_US\" \/>\n<meta property=\"og:type\" content=\"article\" \/>\n<meta property=\"og:title\" content=\"The Ivan Mateti\u0107 Ronjgov Public Institution - Turisti\u010dka zajednica op\u0107ine Vi\u0161kovo\" \/>\n<meta property=\"og:description\" content=\"The \u2018Ivan Mateti\u0107 Ronjgov\u2019 cultural institution emerged from the \u2018Ivan Mateti\u0107 Ronjgov\u2019 cultural and educational association. It was established in 1994 by a decision of the Primorje-Gorski Kotar County Assembly. With its seat in Ronjgi, Vi\u0161kovo, the institution is committed to preserving cultural heritage and authentic folklore and reviving the customs of the Halubje area. [&hellip;]\" \/>\n<meta property=\"og:url\" content=\"https:\/\/demo.tz-viskovo.hr\/en\/viskovo\/kulturna-bastina\/spomen-dom-i-m-ronjgov\/\" \/>\n<meta property=\"og:site_name\" content=\"Turisti\u010dka zajednica op\u0107ine Vi\u0161kovo\" \/>\n<meta property=\"article:modified_time\" content=\"2020-09-16T09:21:15+00:00\" \/>\n<meta property=\"og:image\" content=\"https:\/\/demo.tz-viskovo.hr\/wp-content\/uploads\/2019\/09\/TZ-Viskovo_11072019_035.jpg\" \/>\n\t<meta property=\"og:image:width\" content=\"2000\" \/>\n\t<meta property=\"og:image:height\" content=\"1334\" \/>\n<meta name=\"twitter:card\" content=\"summary_large_image\" \/>\n<meta name=\"twitter:label1\" content=\"Est. reading time\" \/>\n\t<meta name=\"twitter:data1\" content=\"1 minute\" \/>\n<script type=\"application\/ld+json\" class=\"yoast-schema-graph\">{\"@context\":\"https:\/\/schema.org\",\"@graph\":[{\"@type\":\"WebSite\",\"@id\":\"https:\/\/demo.tz-viskovo.hr\/it\/#website\",\"url\":\"https:\/\/demo.tz-viskovo.hr\/it\/\",\"name\":\"Turisti\\u010dka zajednica op\\u0107ine Vi\\u0161kovo\",\"description\":\"\",\"potentialAction\":[{\"@type\":\"SearchAction\",\"target\":{\"@type\":\"EntryPoint\",\"urlTemplate\":\"https:\/\/demo.tz-viskovo.hr\/it\/?s={search_term_string}\"},\"query-input\":\"required name=search_term_string\"}],\"inLanguage\":\"en-US\"},{\"@type\":\"ImageObject\",\"@id\":\"https:\/\/demo.tz-viskovo.hr\/en\/viskovo\/kulturna-bastina\/spomen-dom-i-m-ronjgov\/#primaryimage\",\"inLanguage\":\"en-US\",\"url\":\"https:\/\/demo.tz-viskovo.hr\/wp-content\/uploads\/2019\/09\/TZ-Viskovo_11072019_035.jpg\",\"contentUrl\":\"https:\/\/demo.tz-viskovo.hr\/wp-content\/uploads\/2019\/09\/TZ-Viskovo_11072019_035.jpg\",\"width\":2000,\"height\":1334},{\"@type\":\"WebPage\",\"@id\":\"https:\/\/demo.tz-viskovo.hr\/en\/viskovo\/kulturna-bastina\/spomen-dom-i-m-ronjgov\/#webpage\",\"url\":\"https:\/\/demo.tz-viskovo.hr\/en\/viskovo\/kulturna-bastina\/spomen-dom-i-m-ronjgov\/\",\"name\":\"The Ivan Mateti\\u0107 Ronjgov Public Institution - Turisti\\u010dka zajednica op\\u0107ine Vi\\u0161kovo\",\"isPartOf\":{\"@id\":\"https:\/\/demo.tz-viskovo.hr\/it\/#website\"},\"primaryImageOfPage\":{\"@id\":\"https:\/\/demo.tz-viskovo.hr\/en\/viskovo\/kulturna-bastina\/spomen-dom-i-m-ronjgov\/#primaryimage\"},\"datePublished\":\"2019-05-26T14:56:07+00:00\",\"dateModified\":\"2020-09-16T09:21:15+00:00\",\"breadcrumb\":{\"@id\":\"https:\/\/demo.tz-viskovo.hr\/en\/viskovo\/kulturna-bastina\/spomen-dom-i-m-ronjgov\/#breadcrumb\"},\"inLanguage\":\"en-US\",\"potentialAction\":[{\"@type\":\"ReadAction\",\"target\":[\"https:\/\/demo.tz-viskovo.hr\/en\/viskovo\/kulturna-bastina\/spomen-dom-i-m-ronjgov\/\"]}]},{\"@type\":\"BreadcrumbList\",\"@id\":\"https:\/\/demo.tz-viskovo.hr\/en\/viskovo\/kulturna-bastina\/spomen-dom-i-m-ronjgov\/#breadcrumb\",\"itemListElement\":[{\"@type\":\"ListItem\",\"position\":1,\"name\":\"Home\",\"item\":\"https:\/\/demo.tz-viskovo.hr\/en\/\"},{\"@type\":\"ListItem\",\"position\":2,\"name\":\"Vi\\u0161kovo\",\"item\":\"https:\/\/demo.tz-viskovo.hr\/en\/viskovo\/\"},{\"@type\":\"ListItem\",\"position\":3,\"name\":\"Cultural heritage\",\"item\":\"https:\/\/demo.tz-viskovo.hr\/en\/viskovo\/kulturna-bastina\/\"},{\"@type\":\"ListItem\",\"position\":4,\"name\":\"The Ivan Mateti\\u0107 Ronjgov Public Institution\"}]}]}<\/script>\n<!-- \/ Yoast SEO plugin. -->","yoast_head_json":{"robots":{"index":"index","follow":"follow","max-snippet":"max-snippet:-1","max-image-preview":"max-image-preview:large","max-video-preview":"max-video-preview:-1"},"canonical":"https:\/\/demo.tz-viskovo.hr\/en\/viskovo\/kulturna-bastina\/spomen-dom-i-m-ronjgov\/","og_locale":"en_US","og_type":"article","og_title":"The Ivan Mateti\u0107 Ronjgov Public Institution - Turisti\u010dka zajednica op\u0107ine Vi\u0161kovo","og_description":"The \u2018Ivan Mateti\u0107 Ronjgov\u2019 cultural institution emerged from the \u2018Ivan Mateti\u0107 Ronjgov\u2019 cultural and educational association. It was established in 1994 by a decision of the Primorje-Gorski Kotar County Assembly. With its seat in Ronjgi, Vi\u0161kovo, the institution is committed to preserving cultural heritage and authentic folklore and reviving the customs of the Halubje area. [&hellip;]","og_url":"https:\/\/demo.tz-viskovo.hr\/en\/viskovo\/kulturna-bastina\/spomen-dom-i-m-ronjgov\/","og_site_name":"Turisti\u010dka zajednica op\u0107ine Vi\u0161kovo","article_modified_time":"2020-09-16T09:21:15+00:00","og_image":[{"width":2000,"height":1334,"url":"https:\/\/demo.tz-viskovo.hr\/wp-content\/uploads\/2019\/09\/TZ-Viskovo_11072019_035.jpg","type":"image\/jpeg"}],"twitter_card":"summary_large_image","twitter_misc":{"Est. reading time":"1 minute"},"schema":{"@context":"https:\/\/schema.org","@graph":[{"@type":"WebSite","@id":"https:\/\/demo.tz-viskovo.hr\/it\/#website","url":"https:\/\/demo.tz-viskovo.hr\/it\/","name":"Turisti\u010dka zajednica op\u0107ine Vi\u0161kovo","description":"","potentialAction":[{"@type":"SearchAction","target":{"@type":"EntryPoint","urlTemplate":"https:\/\/demo.tz-viskovo.hr\/it\/?s={search_term_string}"},"query-input":"required name=search_term_string"}],"inLanguage":"en-US"},{"@type":"ImageObject","@id":"https:\/\/demo.tz-viskovo.hr\/en\/viskovo\/kulturna-bastina\/spomen-dom-i-m-ronjgov\/#primaryimage","inLanguage":"en-US","url":"https:\/\/demo.tz-viskovo.hr\/wp-content\/uploads\/2019\/09\/TZ-Viskovo_11072019_035.jpg","contentUrl":"https:\/\/demo.tz-viskovo.hr\/wp-content\/uploads\/2019\/09\/TZ-Viskovo_11072019_035.jpg","width":2000,"height":1334},{"@type":"WebPage","@id":"https:\/\/demo.tz-viskovo.hr\/en\/viskovo\/kulturna-bastina\/spomen-dom-i-m-ronjgov\/#webpage","url":"https:\/\/demo.tz-viskovo.hr\/en\/viskovo\/kulturna-bastina\/spomen-dom-i-m-ronjgov\/","name":"The Ivan Mateti\u0107 Ronjgov Public Institution - Turisti\u010dka zajednica op\u0107ine Vi\u0161kovo","isPartOf":{"@id":"https:\/\/demo.tz-viskovo.hr\/it\/#website"},"primaryImageOfPage":{"@id":"https:\/\/demo.tz-viskovo.hr\/en\/viskovo\/kulturna-bastina\/spomen-dom-i-m-ronjgov\/#primaryimage"},"datePublished":"2019-05-26T14:56:07+00:00","dateModified":"2020-09-16T09:21:15+00:00","breadcrumb":{"@id":"https:\/\/demo.tz-viskovo.hr\/en\/viskovo\/kulturna-bastina\/spomen-dom-i-m-ronjgov\/#breadcrumb"},"inLanguage":"en-US","potentialAction":[{"@type":"ReadAction","target":["https:\/\/demo.tz-viskovo.hr\/en\/viskovo\/kulturna-bastina\/spomen-dom-i-m-ronjgov\/"]}]},{"@type":"BreadcrumbList","@id":"https:\/\/demo.tz-viskovo.hr\/en\/viskovo\/kulturna-bastina\/spomen-dom-i-m-ronjgov\/#breadcrumb","itemListElement":[{"@type":"ListItem","position":1,"name":"Home","item":"https:\/\/demo.tz-viskovo.hr\/en\/"},{"@type":"ListItem","position":2,"name":"Vi\u0161kovo","item":"https:\/\/demo.tz-viskovo.hr\/en\/viskovo\/"},{"@type":"ListItem","position":3,"name":"Cultural heritage","item":"https:\/\/demo.tz-viskovo.hr\/en\/viskovo\/kulturna-bastina\/"},{"@type":"ListItem","position":4,"name":"The Ivan Mateti\u0107 Ronjgov Public Institution"}]}]}},"_links":{"self":[{"href":"https:\/\/demo.tz-viskovo.hr\/en\/wp-json\/wp\/v2\/pages\/1695"}],"collection":[{"href":"https:\/\/demo.tz-viskovo.hr\/en\/wp-json\/wp\/v2\/pages"}],"about":[{"href":"https:\/\/demo.tz-viskovo.hr\/en\/wp-json\/wp\/v2\/types\/page"}],"author":[{"embeddable":true,"href":"https:\/\/demo.tz-viskovo.hr\/en\/wp-json\/wp\/v2\/users\/1"}],"replies":[{"embeddable":true,"href":"https:\/\/demo.tz-viskovo.hr\/en\/wp-json\/wp\/v2\/comments?post=1695"}],"version-history":[{"count":10,"href":"https:\/\/demo.tz-viskovo.hr\/en\/wp-json\/wp\/v2\/pages\/1695\/revisions"}],"predecessor-version":[{"id":15014,"href":"https:\/\/demo.tz-viskovo.hr\/en\/wp-json\/wp\/v2\/pages\/1695\/revisions\/15014"}],"up":[{"embeddable":true,"href":"https:\/\/demo.tz-viskovo.hr\/en\/wp-json\/wp\/v2\/pages\/1683"}],"wp:featuredmedia":[{"embeddable":true,"href":"https:\/\/demo.tz-viskovo.hr\/en\/wp-json\/wp\/v2\/media\/8497"}],"wp:attachment":[{"href":"https:\/\/demo.tz-viskovo.hr\/en\/wp-json\/wp\/v2\/media?parent=1695"}],"curies":[{"name":"wp","href":"https:\/\/api.w.org\/{rel}","templated":true}]}}

The Ivan Matetić Ronjgov Public Institution

<p>The ‘Ivan Matetić Ronjgov’ cultural institution emerged from the ‘Ivan Matetić Ronjgov’ cultural and educational association. It was established in 1994 by a decision of the Primorje-Gorski Kotar County Assembly. With its seat in Ronjgi, Viškovo, the institution is committed to preserving cultural heritage and authentic folklore and reviving the customs of the Halubje area. The programme and activities of the institution encompass several segments of culture.</p>



<p>The ‘Ivan Matetić Ronjgov’ house is a memorial museum. The memorial room is located where Ivan Matetić Ronjgov was born and represents the nucleus of the memorial home exhibition, featuring all the important documents connected to Matetić’s personal and professional life.</p>



<p>Another important aspect of the institution’s work is publishing, aimed at promoting and printing books and musical literature in the Chackavian dialect. The association organises scientific meetings aimed at researching the life and work of significant writers, artists and other prominent figures of the region whose work has left a significant mark on our region.  With the aim of enriching the cultural life and tourist features of the Municipality of Viškovo, the institution organises events such as <a><em>Matetićevi dani</em>, <em>Mantinjada pul Ronjgi</em>, <em>Večer pul Matetićevega ognjišća</em>, <em>Proljeće u Ronjgima</em>, <em>Kanat pul Ronjgi</em>, </a>etc.  In order to preserve the tradition of handicrafts in the Halubje area, the institution established, among other things, the Delavska Katedra Association, which has initiated several local projects such as competitions in mowing and reaping, as well a catalogue of traditional items of the Halubje area called ‘Da se ne pozabi’ (<em>So we don’t forget</em>). </p>

<p>The ‘Ivan Matetić Ronjgov’ cultural institution emerged from the ‘Ivan Matetić Ronjgov’ cultural and educational association. It was established in 1994 by a decision of the Primorje-Gorski Kotar County Assembly. With its seat in Ronjgi, Viškovo, the institution is committed to preserving cultural heritage and authentic folklore and reviving the customs of the Halubje area. [&hellip;]</p>

<!-- This site is optimized with the Yoast SEO plugin v17.6 - https://yoast.com/wordpress/plugins/seo/ -->
<meta name="robots" content="index, follow, max-snippet:-1, max-image-preview:large, max-video-preview:-1" />
<link rel="canonical" href="https://demo.tz-viskovo.hr/en/viskovo/kulturna-bastina/spomen-dom-i-m-ronjgov/" />
<meta property="og:locale" content="en_US" />
<meta property="og:type" content="article" />
<meta property="og:title" content="The Ivan Matetić Ronjgov Public Institution - Turistička zajednica općine Viškovo" />
<meta property="og:description" content="The ‘Ivan Matetić Ronjgov’ cultural institution emerged from the ‘Ivan Matetić Ronjgov’ cultural and educational association. It was established in 1994 by a decision of the Primorje-Gorski Kotar County Assembly. With its seat in Ronjgi, Viškovo, the institution is committed to preserving cultural heritage and authentic folklore and reviving the customs of the Halubje area. [&hellip;]" />
<meta property="og:url" content="https://demo.tz-viskovo.hr/en/viskovo/kulturna-bastina/spomen-dom-i-m-ronjgov/" />
<meta property="og:site_name" content="Turistička zajednica općine Viškovo" />
<meta property="article:modified_time" content="2020-09-16T09:21:15+00:00" />
<meta property="og:image" content="https://demo.tz-viskovo.hr/wp-content/uploads/2019/09/TZ-Viskovo_11072019_035.jpg" />
	<meta property="og:image:width" content="2000" />
	<meta property="og:image:height" content="1334" />
<meta name="twitter:card" content="summary_large_image" />
<meta name="twitter:label1" content="Est. reading time" />
	<meta name="twitter:data1" content="1 minute" />
<script type="application/ld+json" class="yoast-schema-graph">{"@context":"https://schema.org","@graph":[{"@type":"WebSite","@id":"https://demo.tz-viskovo.hr/it/#website","url":"https://demo.tz-viskovo.hr/it/","name":"Turisti\u010dka zajednica op\u0107ine Vi\u0161kovo","description":"","potentialAction":[{"@type":"SearchAction","target":{"@type":"EntryPoint","urlTemplate":"https://demo.tz-viskovo.hr/it/?s={search_term_string}"},"query-input":"required name=search_term_string"}],"inLanguage":"en-US"},{"@type":"ImageObject","@id":"https://demo.tz-viskovo.hr/en/viskovo/kulturna-bastina/spomen-dom-i-m-ronjgov/#primaryimage","inLanguage":"en-US","url":"https://demo.tz-viskovo.hr/wp-content/uploads/2019/09/TZ-Viskovo_11072019_035.jpg","contentUrl":"https://demo.tz-viskovo.hr/wp-content/uploads/2019/09/TZ-Viskovo_11072019_035.jpg","width":2000,"height":1334},{"@type":"WebPage","@id":"https://demo.tz-viskovo.hr/en/viskovo/kulturna-bastina/spomen-dom-i-m-ronjgov/#webpage","url":"https://demo.tz-viskovo.hr/en/viskovo/kulturna-bastina/spomen-dom-i-m-ronjgov/","name":"The Ivan Mateti\u0107 Ronjgov Public Institution - Turisti\u010dka zajednica op\u0107ine Vi\u0161kovo","isPartOf":{"@id":"https://demo.tz-viskovo.hr/it/#website"},"primaryImageOfPage":{"@id":"https://demo.tz-viskovo.hr/en/viskovo/kulturna-bastina/spomen-dom-i-m-ronjgov/#primaryimage"},"datePublished":"2019-05-26T14:56:07+00:00","dateModified":"2020-09-16T09:21:15+00:00","breadcrumb":{"@id":"https://demo.tz-viskovo.hr/en/viskovo/kulturna-bastina/spomen-dom-i-m-ronjgov/#breadcrumb"},"inLanguage":"en-US","potentialAction":[{"@type":"ReadAction","target":["https://demo.tz-viskovo.hr/en/viskovo/kulturna-bastina/spomen-dom-i-m-ronjgov/"]}]},{"@type":"BreadcrumbList","@id":"https://demo.tz-viskovo.hr/en/viskovo/kulturna-bastina/spomen-dom-i-m-ronjgov/#breadcrumb","itemListElement":[{"@type":"ListItem","position":1,"name":"Home","item":"https://demo.tz-viskovo.hr/en/"},{"@type":"ListItem","position":2,"name":"Vi\u0161kovo","item":"https://demo.tz-viskovo.hr/en/viskovo/"},{"@type":"ListItem","position":3,"name":"Cultural heritage","item":"https://demo.tz-viskovo.hr/en/viskovo/kulturna-bastina/"},{"@type":"ListItem","position":4,"name":"The Ivan Mateti\u0107 Ronjgov Public Institution"}]}]}</script>
<!-- / Yoast SEO plugin. -->

The Ivan Matetić Ronjgov Public Institution - Turistička zajednica općine Viškovo

The ‘Ivan Matetić Ronjgov’ cultural institution emerged from the ‘Ivan Matetić Ronjgov’ cultural and educational association. It was established in 1994 by a decision of the Primorje-Gorski Kotar County Assembly. With its seat in Ronjgi, Viškovo, the institution is committed to preserving cultural heritage and authentic folklore and reviving the customs of the Halubje area. [&hellip;]

Turistička zajednica općine Viškovo

Viškovo
