{"id":4534,"date":"2019-08-22T08:54:25","date_gmt":"2019-08-22T08:54:25","guid":{"rendered":"https:\/\/demo.tz-viskovo.hr\/video\/poduzetnicki-dan-u-opcini-viskovo\/"},"modified":"2019-08-22T08:54:40","modified_gmt":"2019-08-22T08:54:40","slug":"poduzetnicki-dan-u-opcini-viskovo","status":"publish","type":"video","link":"https:\/\/demo.tz-viskovo.hr\/en\/video\/poduzetnicki-dan-u-opcini-viskovo\/","title":{"rendered":"Poduzetni\u010dki dan u Op\u0107ini Vi\u0161kovo"},"content":{"rendered":"\n<h1><\/h1>\n\n\n\n<figure class=\"wp-block-embed-youtube wp-block-embed is-type-video is-provider-youtube wp-embed-aspect-16-9 wp-has-aspect-ratio\"><div class=\"wp-block-embed__wrapper\">\n<iframe loading=\"lazy\" title=\"Poduzetni\u010dki dan u Op\u0107ini Vi\u0161kovo\" width=\"500\" height=\"281\" src=\"https:\/\/www.youtube.com\/embed\/_tZYSCRGJ-Y?feature=oembed\" frameborder=\"0\" allow=\"accelerometer; autoplay; encrypted-media; gyroscope; picture-in-picture\" allowfullscreen><\/iframe>\n<\/div><\/figure>\n","protected":false},"featured_media":4529,"template":"","acf":[],"yoast_head":"<!-- This site is optimized with the Yoast SEO plugin v17.6 - https:\/\/yoast.com\/wordpress\/plugins\/seo\/ -->\n<meta name=\"robots\" content=\"index, follow, max-snippet:-1, max-image-preview:large, max-video-preview:-1\" \/>\n<link rel=\"canonical\" href=\"https:\/\/demo.tz-viskovo.hr\/en\/video\/poduzetnicki-dan-u-opcini-viskovo\/\" \/>\n<meta property=\"og:locale\" content=\"en_US\" \/>\n<meta property=\"og:type\" content=\"article\" \/>\n<meta property=\"og:title\" content=\"Poduzetni\u010dki dan u Op\u0107ini Vi\u0161kovo - Turisti\u010dka zajednica op\u0107ine Vi\u0161kovo\" \/>\n<meta property=\"og:url\" content=\"https:\/\/demo.tz-viskovo.hr\/en\/video\/poduzetnicki-dan-u-opcini-viskovo\/\" \/>\n<meta property=\"og:site_name\" content=\"Turisti\u010dka zajednica op\u0107ine Vi\u0161kovo\" \/>\n<meta property=\"article:modified_time\" content=\"2019-08-22T08:54:40+00:00\" \/>\n<meta property=\"og:image\" content=\"https:\/\/demo.tz-viskovo.hr\/wp-content\/uploads\/2019\/08\/Untitled-1-4.jpg\" \/>\n\t<meta property=\"og:image:width\" content=\"594\" \/>\n\t<meta property=\"og:image:height\" content=\"400\" \/>\n<meta name=\"twitter:card\" content=\"summary_large_image\" \/>\n<script type=\"application\/ld+json\" class=\"yoast-schema-graph\">{\"@context\":\"https:\/\/schema.org\",\"@graph\":[{\"@type\":\"WebSite\",\"@id\":\"https:\/\/demo.tz-viskovo.hr\/it\/#website\",\"url\":\"https:\/\/demo.tz-viskovo.hr\/it\/\",\"name\":\"Turisti\\u010dka zajednica op\\u0107ine Vi\\u0161kovo\",\"description\":\"\",\"potentialAction\":[{\"@type\":\"SearchAction\",\"target\":{\"@type\":\"EntryPoint\",\"urlTemplate\":\"https:\/\/demo.tz-viskovo.hr\/it\/?s={search_term_string}\"},\"query-input\":\"required name=search_term_string\"}],\"inLanguage\":\"en-US\"},{\"@type\":\"ImageObject\",\"@id\":\"https:\/\/demo.tz-viskovo.hr\/en\/video\/poduzetnicki-dan-u-opcini-viskovo\/#primaryimage\",\"inLanguage\":\"en-US\",\"url\":\"https:\/\/demo.tz-viskovo.hr\/wp-content\/uploads\/2019\/08\/Untitled-1-4.jpg\",\"contentUrl\":\"https:\/\/demo.tz-viskovo.hr\/wp-content\/uploads\/2019\/08\/Untitled-1-4.jpg\",\"width\":594,\"height\":400},{\"@type\":\"WebPage\",\"@id\":\"https:\/\/demo.tz-viskovo.hr\/en\/video\/poduzetnicki-dan-u-opcini-viskovo\/#webpage\",\"url\":\"https:\/\/demo.tz-viskovo.hr\/en\/video\/poduzetnicki-dan-u-opcini-viskovo\/\",\"name\":\"Poduzetni\\u010dki dan u Op\\u0107ini Vi\\u0161kovo - Turisti\\u010dka zajednica op\\u0107ine Vi\\u0161kovo\",\"isPartOf\":{\"@id\":\"https:\/\/demo.tz-viskovo.hr\/it\/#website\"},\"primaryImageOfPage\":{\"@id\":\"https:\/\/demo.tz-viskovo.hr\/en\/video\/poduzetnicki-dan-u-opcini-viskovo\/#primaryimage\"},\"datePublished\":\"2019-08-22T08:54:25+00:00\",\"dateModified\":\"2019-08-22T08:54:40+00:00\",\"breadcrumb\":{\"@id\":\"https:\/\/demo.tz-viskovo.hr\/en\/video\/poduzetnicki-dan-u-opcini-viskovo\/#breadcrumb\"},\"inLanguage\":\"en-US\",\"potentialAction\":[{\"@type\":\"ReadAction\",\"target\":[\"https:\/\/demo.tz-viskovo.hr\/en\/video\/poduzetnicki-dan-u-opcini-viskovo\/\"]}]},{\"@type\":\"BreadcrumbList\",\"@id\":\"https:\/\/demo.tz-viskovo.hr\/en\/video\/poduzetnicki-dan-u-opcini-viskovo\/#breadcrumb\",\"itemListElement\":[{\"@type\":\"ListItem\",\"position\":1,\"name\":\"Home\",\"item\":\"https:\/\/demo.tz-viskovo.hr\/en\/\"},{\"@type\":\"ListItem\",\"position\":2,\"name\":\"Poduzetni\\u010dki dan u Op\\u0107ini Vi\\u0161kovo\"}]}]}<\/script>\n<!-- \/ Yoast SEO plugin. -->","yoast_head_json":{"robots":{"index":"index","follow":"follow","max-snippet":"max-snippet:-1","max-image-preview":"max-image-preview:large","max-video-preview":"max-video-preview:-1"},"canonical":"https:\/\/demo.tz-viskovo.hr\/en\/video\/poduzetnicki-dan-u-opcini-viskovo\/","og_locale":"en_US","og_type":"article","og_title":"Poduzetni\u010dki dan u Op\u0107ini Vi\u0161kovo - Turisti\u010dka zajednica op\u0107ine Vi\u0161kovo","og_url":"https:\/\/demo.tz-viskovo.hr\/en\/video\/poduzetnicki-dan-u-opcini-viskovo\/","og_site_name":"Turisti\u010dka zajednica op\u0107ine Vi\u0161kovo","article_modified_time":"2019-08-22T08:54:40+00:00","og_image":[{"width":594,"height":400,"url":"https:\/\/demo.tz-viskovo.hr\/wp-content\/uploads\/2019\/08\/Untitled-1-4.jpg","type":"image\/jpeg"}],"twitter_card":"summary_large_image","schema":{"@context":"https:\/\/schema.org","@graph":[{"@type":"WebSite","@id":"https:\/\/demo.tz-viskovo.hr\/it\/#website","url":"https:\/\/demo.tz-viskovo.hr\/it\/","name":"Turisti\u010dka zajednica op\u0107ine Vi\u0161kovo","description":"","potentialAction":[{"@type":"SearchAction","target":{"@type":"EntryPoint","urlTemplate":"https:\/\/demo.tz-viskovo.hr\/it\/?s={search_term_string}"},"query-input":"required name=search_term_string"}],"inLanguage":"en-US"},{"@type":"ImageObject","@id":"https:\/\/demo.tz-viskovo.hr\/en\/video\/poduzetnicki-dan-u-opcini-viskovo\/#primaryimage","inLanguage":"en-US","url":"https:\/\/demo.tz-viskovo.hr\/wp-content\/uploads\/2019\/08\/Untitled-1-4.jpg","contentUrl":"https:\/\/demo.tz-viskovo.hr\/wp-content\/uploads\/2019\/08\/Untitled-1-4.jpg","width":594,"height":400},{"@type":"WebPage","@id":"https:\/\/demo.tz-viskovo.hr\/en\/video\/poduzetnicki-dan-u-opcini-viskovo\/#webpage","url":"https:\/\/demo.tz-viskovo.hr\/en\/video\/poduzetnicki-dan-u-opcini-viskovo\/","name":"Poduzetni\u010dki dan u Op\u0107ini Vi\u0161kovo - Turisti\u010dka zajednica op\u0107ine Vi\u0161kovo","isPartOf":{"@id":"https:\/\/demo.tz-viskovo.hr\/it\/#website"},"primaryImageOfPage":{"@id":"https:\/\/demo.tz-viskovo.hr\/en\/video\/poduzetnicki-dan-u-opcini-viskovo\/#primaryimage"},"datePublished":"2019-08-22T08:54:25+00:00","dateModified":"2019-08-22T08:54:40+00:00","breadcrumb":{"@id":"https:\/\/demo.tz-viskovo.hr\/en\/video\/poduzetnicki-dan-u-opcini-viskovo\/#breadcrumb"},"inLanguage":"en-US","potentialAction":[{"@type":"ReadAction","target":["https:\/\/demo.tz-viskovo.hr\/en\/video\/poduzetnicki-dan-u-opcini-viskovo\/"]}]},{"@type":"BreadcrumbList","@id":"https:\/\/demo.tz-viskovo.hr\/en\/video\/poduzetnicki-dan-u-opcini-viskovo\/#breadcrumb","itemListElement":[{"@type":"ListItem","position":1,"name":"Home","item":"https:\/\/demo.tz-viskovo.hr\/en\/"},{"@type":"ListItem","position":2,"name":"Poduzetni\u010dki dan u Op\u0107ini Vi\u0161kovo"}]}]}},"_links":{"self":[{"href":"https:\/\/demo.tz-viskovo.hr\/en\/wp-json\/wp\/v2\/video\/4534"}],"collection":[{"href":"https:\/\/demo.tz-viskovo.hr\/en\/wp-json\/wp\/v2\/video"}],"about":[{"href":"https:\/\/demo.tz-viskovo.hr\/en\/wp-json\/wp\/v2\/types\/video"}],"wp:featuredmedia":[{"embeddable":true,"href":"https:\/\/demo.tz-viskovo.hr\/en\/wp-json\/wp\/v2\/media\/4529"}],"wp:attachment":[{"href":"https:\/\/demo.tz-viskovo.hr\/en\/wp-json\/wp\/v2\/media?parent=4534"}],"curies":[{"name":"wp","href":"https:\/\/api.w.org\/{rel}","templated":true}]}}

Poduzetnički dan u Općini Viškovo

<h1></h1>



<figure class="wp-block-embed-youtube wp-block-embed is-type-video is-provider-youtube wp-embed-aspect-16-9 wp-has-aspect-ratio"><div class="wp-block-embed__wrapper">
<iframe loading="lazy" title="Poduzetnički dan u Općini Viškovo" width="500" height="281" src="https://www.youtube.com/embed/_tZYSCRGJ-Y?feature=oembed" frameborder="0" allow="accelerometer; autoplay; encrypted-media; gyroscope; picture-in-picture" allowfullscreen></iframe>
</div></figure>

<!-- This site is optimized with the Yoast SEO plugin v17.6 - https://yoast.com/wordpress/plugins/seo/ -->
<meta name="robots" content="index, follow, max-snippet:-1, max-image-preview:large, max-video-preview:-1" />
<link rel="canonical" href="https://demo.tz-viskovo.hr/en/video/poduzetnicki-dan-u-opcini-viskovo/" />
<meta property="og:locale" content="en_US" />
<meta property="og:type" content="article" />
<meta property="og:title" content="Poduzetnički dan u Općini Viškovo - Turistička zajednica općine Viškovo" />
<meta property="og:url" content="https://demo.tz-viskovo.hr/en/video/poduzetnicki-dan-u-opcini-viskovo/" />
<meta property="og:site_name" content="Turistička zajednica općine Viškovo" />
<meta property="article:modified_time" content="2019-08-22T08:54:40+00:00" />
<meta property="og:image" content="https://demo.tz-viskovo.hr/wp-content/uploads/2019/08/Untitled-1-4.jpg" />
	<meta property="og:image:width" content="594" />
	<meta property="og:image:height" content="400" />
<meta name="twitter:card" content="summary_large_image" />
<script type="application/ld+json" class="yoast-schema-graph">{"@context":"https://schema.org","@graph":[{"@type":"WebSite","@id":"https://demo.tz-viskovo.hr/it/#website","url":"https://demo.tz-viskovo.hr/it/","name":"Turisti\u010dka zajednica op\u0107ine Vi\u0161kovo","description":"","potentialAction":[{"@type":"SearchAction","target":{"@type":"EntryPoint","urlTemplate":"https://demo.tz-viskovo.hr/it/?s={search_term_string}"},"query-input":"required name=search_term_string"}],"inLanguage":"en-US"},{"@type":"ImageObject","@id":"https://demo.tz-viskovo.hr/en/video/poduzetnicki-dan-u-opcini-viskovo/#primaryimage","inLanguage":"en-US","url":"https://demo.tz-viskovo.hr/wp-content/uploads/2019/08/Untitled-1-4.jpg","contentUrl":"https://demo.tz-viskovo.hr/wp-content/uploads/2019/08/Untitled-1-4.jpg","width":594,"height":400},{"@type":"WebPage","@id":"https://demo.tz-viskovo.hr/en/video/poduzetnicki-dan-u-opcini-viskovo/#webpage","url":"https://demo.tz-viskovo.hr/en/video/poduzetnicki-dan-u-opcini-viskovo/","name":"Poduzetni\u010dki dan u Op\u0107ini Vi\u0161kovo - Turisti\u010dka zajednica op\u0107ine Vi\u0161kovo","isPartOf":{"@id":"https://demo.tz-viskovo.hr/it/#website"},"primaryImageOfPage":{"@id":"https://demo.tz-viskovo.hr/en/video/poduzetnicki-dan-u-opcini-viskovo/#primaryimage"},"datePublished":"2019-08-22T08:54:25+00:00","dateModified":"2019-08-22T08:54:40+00:00","breadcrumb":{"@id":"https://demo.tz-viskovo.hr/en/video/poduzetnicki-dan-u-opcini-viskovo/#breadcrumb"},"inLanguage":"en-US","potentialAction":[{"@type":"ReadAction","target":["https://demo.tz-viskovo.hr/en/video/poduzetnicki-dan-u-opcini-viskovo/"]}]},{"@type":"BreadcrumbList","@id":"https://demo.tz-viskovo.hr/en/video/poduzetnicki-dan-u-opcini-viskovo/#breadcrumb","itemListElement":[{"@type":"ListItem","position":1,"name":"Home","item":"https://demo.tz-viskovo.hr/en/"},{"@type":"ListItem","position":2,"name":"Poduzetni\u010dki dan u Op\u0107ini Vi\u0161kovo"}]}]}</script>
<!-- / Yoast SEO plugin. -->

Poduzetnički dan u Općini Viškovo - Turistička zajednica općine Viškovo

Turistička zajednica općine Viškovo
