{"id":1680,"date":"2019-05-26T14:54:35","date_gmt":"2019-05-26T14:54:35","guid":{"rendered":"https:\/\/demo.tz-viskovo.hr\/viskovo\/unesco\/dvoglasje-tijesnih-intervala\/"},"modified":"2020-09-16T11:42:30","modified_gmt":"2020-09-16T11:42:30","slug":"dvoglasje-tijesnih-intervala","status":"publish","type":"page","link":"https:\/\/demo.tz-viskovo.hr\/it\/viskovo\/unesco\/dvoglasje-tijesnih-intervala\/","title":{"rendered":"Il canto a due voci a intervalli stretti dell&#8217;Istria e del litorale croato"},"content":{"rendered":"\n<p>Il canto a due voci a intervalli stretti dell&#8217;Istria e del Litorale croato \u00e8 uno stile complesso di musica popolare che troviamo anche oltre il territorio dell&#8217;Istria e del Litorale croato, ma \u00e8 in questa zona che vive in modo pi\u00f9 compatto. Fondamentalmente, il canto a due voci si basa su relazioni tonali non temperate e sul colore caratteristico del tono, che nella musica vocale si ottiene cantando con forza, in parte attraverso il naso. <\/p>\n\n\n\n<p>Nella lista del patrimonio immateriale dell&#8217;UNESCO si trova il canto a due voci a intervalli stretti, documentato e sistematizzato dal musicologo e compositore Ivan Mateti\u0107 da Ronjgi che studi\u00f2 la musica e i canti degli abitanti di Kastav.  Grazie al suo impegno nella ricerca e nell&#8217;interpretazione della musica popolare e folcloristica dell&#8217;Istria e del Quarnero, contribu\u00ec a definire la scala istriana inserendola nel sistema tonale della musica artistica.<\/p>\n\n\n\n<h2>La scala istriana<\/h2>\n\n\n\n<p>La scala istriana \u00e8 un particolare tipo di scala pentatonica tipica della musica tradizionale dell&#8217;Istria, del Litorale croato e delle isole del Quarnero. Il nome deriva dalla penisola istriana, dove questo tipo di musica tradizionale ha origine. <\/p>\n\n\n\n<p>Questo tipo di espressione musicale rappresenta la tradizione e la prova dell&#8217;esistenza del popolo croato in Istria e nel Quarnero. Offrendo una spiegazione teorica della scala istriana, Mateti\u0107 tracci\u00f2 le basi per la composizione artistica delle tipiche canzoni folcloristiche <\/p>\n\n\n\n<p>La sua casa natale si trova a Ronjgi, un piccolo villaggio su una collina vicino al centro di Vi\u0161kovo. Oggi essa \u00e8 la sede <a href=\"https:\/\/demo.tz-viskovo.hr\/it\/viskovo\/kulturna-bastina\/spomen-dom-i-m-ronjgov\/\">dell&#8217;istituzione \u201cIvan Mateti\u0107 Ronjgov\u201d<\/a>, che tutela i valori autoctoni di questa zona. Scoprite l&#8217;eredit\u00e0 del compositore nel suo centro memoriale e conoscete l&#8217;attivit\u00e0 di una delle figure pi\u00f9 significative del territorio di Halubje e di Kastav. In seguito, ci si pu\u00f2 rilassare nell&#8217;atmosfera autentica del <a href=\"https:\/\/demo.tz-viskovo.hr\/it\/gastronomija\/restaurant-ronjgi\/\">ristorante Ronjgi<\/a> o all&#8217;ombra del <a href=\"https:\/\/demo.tz-viskovo.hr\/it\/cosa-fare\/passeggiate-e-piste-cicabili\/passeggiate\/\">vicino sentiero<\/a> a forma di nota musicale, un legame nostalgico con la vita e l&#8217;attivit\u00e0 di questo grande compositore che amava tanto la sua terra natale.<\/p>\n","protected":false},"excerpt":{"rendered":"<p>Il canto a due voci a intervalli stretti dell&#8217;Istria e del Litorale croato \u00e8 uno stile complesso di musica popolare che troviamo anche oltre il territorio dell&#8217;Istria e del Litorale croato, ma \u00e8 in questa zona che vive in modo pi\u00f9 compatto. Fondamentalmente, il canto a due voci si basa su relazioni tonali non temperate [&hellip;]<\/p>\n","protected":false},"author":1,"featured_media":13630,"parent":1666,"menu_order":0,"comment_status":"closed","ping_status":"closed","template":"","meta":[],"acf":[],"yoast_head":"<!-- This site is optimized with the Yoast SEO plugin v17.6 - https:\/\/yoast.com\/wordpress\/plugins\/seo\/ -->\n<meta name=\"robots\" content=\"index, follow, max-snippet:-1, max-image-preview:large, max-video-preview:-1\" \/>\n<link rel=\"canonical\" href=\"https:\/\/demo.tz-viskovo.hr\/it\/viskovo\/unesco\/dvoglasje-tijesnih-intervala\/\" \/>\n<meta property=\"og:locale\" content=\"it_IT\" \/>\n<meta property=\"og:type\" content=\"article\" \/>\n<meta property=\"og:title\" content=\"Il canto a due voci a intervalli stretti dell&#039;Istria e del litorale croato - Turisti\u010dka zajednica op\u0107ine Vi\u0161kovo\" \/>\n<meta property=\"og:description\" content=\"Il canto a due voci a intervalli stretti dell&#8217;Istria e del Litorale croato \u00e8 uno stile complesso di musica popolare che troviamo anche oltre il territorio dell&#8217;Istria e del Litorale croato, ma \u00e8 in questa zona che vive in modo pi\u00f9 compatto. Fondamentalmente, il canto a due voci si basa su relazioni tonali non temperate [&hellip;]\" \/>\n<meta property=\"og:url\" content=\"https:\/\/demo.tz-viskovo.hr\/it\/viskovo\/unesco\/dvoglasje-tijesnih-intervala\/\" \/>\n<meta property=\"og:site_name\" content=\"Turisti\u010dka zajednica op\u0107ine Vi\u0161kovo\" \/>\n<meta property=\"article:modified_time\" content=\"2020-09-16T11:42:30+00:00\" \/>\n<meta property=\"og:image\" content=\"https:\/\/demo.tz-viskovo.hr\/wp-content\/uploads\/2020\/05\/TZ-Viskovo_11072019_034.jpg\" \/>\n\t<meta property=\"og:image:width\" content=\"2000\" \/>\n\t<meta property=\"og:image:height\" content=\"1334\" \/>\n<meta name=\"twitter:card\" content=\"summary_large_image\" \/>\n<meta name=\"twitter:label1\" content=\"Tempo di lettura stimato\" \/>\n\t<meta name=\"twitter:data1\" content=\"2 minuti\" \/>\n<script type=\"application\/ld+json\" class=\"yoast-schema-graph\">{\"@context\":\"https:\/\/schema.org\",\"@graph\":[{\"@type\":\"WebSite\",\"@id\":\"https:\/\/demo.tz-viskovo.hr\/it\/#website\",\"url\":\"https:\/\/demo.tz-viskovo.hr\/it\/\",\"name\":\"Turisti\\u010dka zajednica op\\u0107ine Vi\\u0161kovo\",\"description\":\"\",\"potentialAction\":[{\"@type\":\"SearchAction\",\"target\":{\"@type\":\"EntryPoint\",\"urlTemplate\":\"https:\/\/demo.tz-viskovo.hr\/it\/?s={search_term_string}\"},\"query-input\":\"required name=search_term_string\"}],\"inLanguage\":\"it-IT\"},{\"@type\":\"ImageObject\",\"@id\":\"https:\/\/demo.tz-viskovo.hr\/it\/viskovo\/unesco\/dvoglasje-tijesnih-intervala\/#primaryimage\",\"inLanguage\":\"it-IT\",\"url\":\"https:\/\/demo.tz-viskovo.hr\/wp-content\/uploads\/2020\/05\/TZ-Viskovo_11072019_034.jpg\",\"contentUrl\":\"https:\/\/demo.tz-viskovo.hr\/wp-content\/uploads\/2020\/05\/TZ-Viskovo_11072019_034.jpg\",\"width\":2000,\"height\":1334},{\"@type\":\"WebPage\",\"@id\":\"https:\/\/demo.tz-viskovo.hr\/it\/viskovo\/unesco\/dvoglasje-tijesnih-intervala\/#webpage\",\"url\":\"https:\/\/demo.tz-viskovo.hr\/it\/viskovo\/unesco\/dvoglasje-tijesnih-intervala\/\",\"name\":\"Il canto a due voci a intervalli stretti dell'Istria e del litorale croato - Turisti\\u010dka zajednica op\\u0107ine Vi\\u0161kovo\",\"isPartOf\":{\"@id\":\"https:\/\/demo.tz-viskovo.hr\/it\/#website\"},\"primaryImageOfPage\":{\"@id\":\"https:\/\/demo.tz-viskovo.hr\/it\/viskovo\/unesco\/dvoglasje-tijesnih-intervala\/#primaryimage\"},\"datePublished\":\"2019-05-26T14:54:35+00:00\",\"dateModified\":\"2020-09-16T11:42:30+00:00\",\"breadcrumb\":{\"@id\":\"https:\/\/demo.tz-viskovo.hr\/it\/viskovo\/unesco\/dvoglasje-tijesnih-intervala\/#breadcrumb\"},\"inLanguage\":\"it-IT\",\"potentialAction\":[{\"@type\":\"ReadAction\",\"target\":[\"https:\/\/demo.tz-viskovo.hr\/it\/viskovo\/unesco\/dvoglasje-tijesnih-intervala\/\"]}]},{\"@type\":\"BreadcrumbList\",\"@id\":\"https:\/\/demo.tz-viskovo.hr\/it\/viskovo\/unesco\/dvoglasje-tijesnih-intervala\/#breadcrumb\",\"itemListElement\":[{\"@type\":\"ListItem\",\"position\":1,\"name\":\"Home\",\"item\":\"https:\/\/demo.tz-viskovo.hr\/it\/\"},{\"@type\":\"ListItem\",\"position\":2,\"name\":\"Vi\\u0161kovo\",\"item\":\"https:\/\/demo.tz-viskovo.hr\/it\/viskovo\/\"},{\"@type\":\"ListItem\",\"position\":3,\"name\":\"UNESCO\",\"item\":\"https:\/\/demo.tz-viskovo.hr\/it\/viskovo\/unesco\/\"},{\"@type\":\"ListItem\",\"position\":4,\"name\":\"Il canto a due voci a intervalli stretti dell&#8217;Istria e del litorale croato\"}]}]}<\/script>\n<!-- \/ Yoast SEO plugin. -->","yoast_head_json":{"robots":{"index":"index","follow":"follow","max-snippet":"max-snippet:-1","max-image-preview":"max-image-preview:large","max-video-preview":"max-video-preview:-1"},"canonical":"https:\/\/demo.tz-viskovo.hr\/it\/viskovo\/unesco\/dvoglasje-tijesnih-intervala\/","og_locale":"it_IT","og_type":"article","og_title":"Il canto a due voci a intervalli stretti dell'Istria e del litorale croato - Turisti\u010dka zajednica op\u0107ine Vi\u0161kovo","og_description":"Il canto a due voci a intervalli stretti dell&#8217;Istria e del Litorale croato \u00e8 uno stile complesso di musica popolare che troviamo anche oltre il territorio dell&#8217;Istria e del Litorale croato, ma \u00e8 in questa zona che vive in modo pi\u00f9 compatto. Fondamentalmente, il canto a due voci si basa su relazioni tonali non temperate [&hellip;]","og_url":"https:\/\/demo.tz-viskovo.hr\/it\/viskovo\/unesco\/dvoglasje-tijesnih-intervala\/","og_site_name":"Turisti\u010dka zajednica op\u0107ine Vi\u0161kovo","article_modified_time":"2020-09-16T11:42:30+00:00","og_image":[{"width":2000,"height":1334,"url":"https:\/\/demo.tz-viskovo.hr\/wp-content\/uploads\/2020\/05\/TZ-Viskovo_11072019_034.jpg","type":"image\/jpeg"}],"twitter_card":"summary_large_image","twitter_misc":{"Tempo di lettura stimato":"2 minuti"},"schema":{"@context":"https:\/\/schema.org","@graph":[{"@type":"WebSite","@id":"https:\/\/demo.tz-viskovo.hr\/it\/#website","url":"https:\/\/demo.tz-viskovo.hr\/it\/","name":"Turisti\u010dka zajednica op\u0107ine Vi\u0161kovo","description":"","potentialAction":[{"@type":"SearchAction","target":{"@type":"EntryPoint","urlTemplate":"https:\/\/demo.tz-viskovo.hr\/it\/?s={search_term_string}"},"query-input":"required name=search_term_string"}],"inLanguage":"it-IT"},{"@type":"ImageObject","@id":"https:\/\/demo.tz-viskovo.hr\/it\/viskovo\/unesco\/dvoglasje-tijesnih-intervala\/#primaryimage","inLanguage":"it-IT","url":"https:\/\/demo.tz-viskovo.hr\/wp-content\/uploads\/2020\/05\/TZ-Viskovo_11072019_034.jpg","contentUrl":"https:\/\/demo.tz-viskovo.hr\/wp-content\/uploads\/2020\/05\/TZ-Viskovo_11072019_034.jpg","width":2000,"height":1334},{"@type":"WebPage","@id":"https:\/\/demo.tz-viskovo.hr\/it\/viskovo\/unesco\/dvoglasje-tijesnih-intervala\/#webpage","url":"https:\/\/demo.tz-viskovo.hr\/it\/viskovo\/unesco\/dvoglasje-tijesnih-intervala\/","name":"Il canto a due voci a intervalli stretti dell'Istria e del litorale croato - Turisti\u010dka zajednica op\u0107ine Vi\u0161kovo","isPartOf":{"@id":"https:\/\/demo.tz-viskovo.hr\/it\/#website"},"primaryImageOfPage":{"@id":"https:\/\/demo.tz-viskovo.hr\/it\/viskovo\/unesco\/dvoglasje-tijesnih-intervala\/#primaryimage"},"datePublished":"2019-05-26T14:54:35+00:00","dateModified":"2020-09-16T11:42:30+00:00","breadcrumb":{"@id":"https:\/\/demo.tz-viskovo.hr\/it\/viskovo\/unesco\/dvoglasje-tijesnih-intervala\/#breadcrumb"},"inLanguage":"it-IT","potentialAction":[{"@type":"ReadAction","target":["https:\/\/demo.tz-viskovo.hr\/it\/viskovo\/unesco\/dvoglasje-tijesnih-intervala\/"]}]},{"@type":"BreadcrumbList","@id":"https:\/\/demo.tz-viskovo.hr\/it\/viskovo\/unesco\/dvoglasje-tijesnih-intervala\/#breadcrumb","itemListElement":[{"@type":"ListItem","position":1,"name":"Home","item":"https:\/\/demo.tz-viskovo.hr\/it\/"},{"@type":"ListItem","position":2,"name":"Vi\u0161kovo","item":"https:\/\/demo.tz-viskovo.hr\/it\/viskovo\/"},{"@type":"ListItem","position":3,"name":"UNESCO","item":"https:\/\/demo.tz-viskovo.hr\/it\/viskovo\/unesco\/"},{"@type":"ListItem","position":4,"name":"Il canto a due voci a intervalli stretti dell&#8217;Istria e del litorale croato"}]}]}},"_links":{"self":[{"href":"https:\/\/demo.tz-viskovo.hr\/it\/wp-json\/wp\/v2\/pages\/1680"}],"collection":[{"href":"https:\/\/demo.tz-viskovo.hr\/it\/wp-json\/wp\/v2\/pages"}],"about":[{"href":"https:\/\/demo.tz-viskovo.hr\/it\/wp-json\/wp\/v2\/types\/page"}],"author":[{"embeddable":true,"href":"https:\/\/demo.tz-viskovo.hr\/it\/wp-json\/wp\/v2\/users\/1"}],"replies":[{"embeddable":true,"href":"https:\/\/demo.tz-viskovo.hr\/it\/wp-json\/wp\/v2\/comments?post=1680"}],"version-history":[{"count":9,"href":"https:\/\/demo.tz-viskovo.hr\/it\/wp-json\/wp\/v2\/pages\/1680\/revisions"}],"predecessor-version":[{"id":15023,"href":"https:\/\/demo.tz-viskovo.hr\/it\/wp-json\/wp\/v2\/pages\/1680\/revisions\/15023"}],"up":[{"embeddable":true,"href":"https:\/\/demo.tz-viskovo.hr\/it\/wp-json\/wp\/v2\/pages\/1666"}],"wp:featuredmedia":[{"embeddable":true,"href":"https:\/\/demo.tz-viskovo.hr\/it\/wp-json\/wp\/v2\/media\/13630"}],"wp:attachment":[{"href":"https:\/\/demo.tz-viskovo.hr\/it\/wp-json\/wp\/v2\/media?parent=1680"}],"curies":[{"name":"wp","href":"https:\/\/api.w.org\/{rel}","templated":true}]}}

<p>Il canto a due voci a intervalli stretti dell&#8217;Istria e del Litorale croato è uno stile complesso di musica popolare che troviamo anche oltre il territorio dell&#8217;Istria e del Litorale croato, ma è in questa zona che vive in modo più compatto. Fondamentalmente, il canto a due voci si basa su relazioni tonali non temperate e sul colore caratteristico del tono, che nella musica vocale si ottiene cantando con forza, in parte attraverso il naso. </p>



<p>Nella lista del patrimonio immateriale dell&#8217;UNESCO si trova il canto a due voci a intervalli stretti, documentato e sistematizzato dal musicologo e compositore Ivan Matetić da Ronjgi che studiò la musica e i canti degli abitanti di Kastav.  Grazie al suo impegno nella ricerca e nell&#8217;interpretazione della musica popolare e folcloristica dell&#8217;Istria e del Quarnero, contribuì a definire la scala istriana inserendola nel sistema tonale della musica artistica.</p>



<h2>La scala istriana</h2>



<p>La scala istriana è un particolare tipo di scala pentatonica tipica della musica tradizionale dell&#8217;Istria, del Litorale croato e delle isole del Quarnero. Il nome deriva dalla penisola istriana, dove questo tipo di musica tradizionale ha origine. </p>



<p>Questo tipo di espressione musicale rappresenta la tradizione e la prova dell&#8217;esistenza del popolo croato in Istria e nel Quarnero. Offrendo una spiegazione teorica della scala istriana, Matetić tracciò le basi per la composizione artistica delle tipiche canzoni folcloristiche </p>



<p>La sua casa natale si trova a Ronjgi, un piccolo villaggio su una collina vicino al centro di Viškovo. Oggi essa è la sede <a href="https://demo.tz-viskovo.hr/it/viskovo/kulturna-bastina/spomen-dom-i-m-ronjgov/">dell&#8217;istituzione “Ivan Matetić Ronjgov”</a>, che tutela i valori autoctoni di questa zona. Scoprite l&#8217;eredità del compositore nel suo centro memoriale e conoscete l&#8217;attività di una delle figure più significative del territorio di Halubje e di Kastav. In seguito, ci si può rilassare nell&#8217;atmosfera autentica del <a href="https://demo.tz-viskovo.hr/it/gastronomija/restaurant-ronjgi/">ristorante Ronjgi</a> o all&#8217;ombra del <a href="https://demo.tz-viskovo.hr/it/cosa-fare/passeggiate-e-piste-cicabili/passeggiate/">vicino sentiero</a> a forma di nota musicale, un legame nostalgico con la vita e l&#8217;attività di questo grande compositore che amava tanto la sua terra natale.</p>

<p>Il canto a due voci a intervalli stretti dell&#8217;Istria e del Litorale croato è uno stile complesso di musica popolare che troviamo anche oltre il territorio dell&#8217;Istria e del Litorale croato, ma è in questa zona che vive in modo più compatto. Fondamentalmente, il canto a due voci si basa su relazioni tonali non temperate [&hellip;]</p>

<!-- This site is optimized with the Yoast SEO plugin v17.6 - https://yoast.com/wordpress/plugins/seo/ -->
<meta name="robots" content="index, follow, max-snippet:-1, max-image-preview:large, max-video-preview:-1" />
<link rel="canonical" href="https://demo.tz-viskovo.hr/it/viskovo/unesco/dvoglasje-tijesnih-intervala/" />
<meta property="og:locale" content="it_IT" />
<meta property="og:type" content="article" />
<meta property="og:title" content="Il canto a due voci a intervalli stretti dell&#039;Istria e del litorale croato - Turistička zajednica općine Viškovo" />
<meta property="og:description" content="Il canto a due voci a intervalli stretti dell&#8217;Istria e del Litorale croato è uno stile complesso di musica popolare che troviamo anche oltre il territorio dell&#8217;Istria e del Litorale croato, ma è in questa zona che vive in modo più compatto. Fondamentalmente, il canto a due voci si basa su relazioni tonali non temperate [&hellip;]" />
<meta property="og:url" content="https://demo.tz-viskovo.hr/it/viskovo/unesco/dvoglasje-tijesnih-intervala/" />
<meta property="og:site_name" content="Turistička zajednica općine Viškovo" />
<meta property="article:modified_time" content="2020-09-16T11:42:30+00:00" />
<meta property="og:image" content="https://demo.tz-viskovo.hr/wp-content/uploads/2020/05/TZ-Viskovo_11072019_034.jpg" />
	<meta property="og:image:width" content="2000" />
	<meta property="og:image:height" content="1334" />
<meta name="twitter:card" content="summary_large_image" />
<meta name="twitter:label1" content="Tempo di lettura stimato" />
	<meta name="twitter:data1" content="2 minuti" />
<script type="application/ld+json" class="yoast-schema-graph">{"@context":"https://schema.org","@graph":[{"@type":"WebSite","@id":"https://demo.tz-viskovo.hr/it/#website","url":"https://demo.tz-viskovo.hr/it/","name":"Turisti\u010dka zajednica op\u0107ine Vi\u0161kovo","description":"","potentialAction":[{"@type":"SearchAction","target":{"@type":"EntryPoint","urlTemplate":"https://demo.tz-viskovo.hr/it/?s={search_term_string}"},"query-input":"required name=search_term_string"}],"inLanguage":"it-IT"},{"@type":"ImageObject","@id":"https://demo.tz-viskovo.hr/it/viskovo/unesco/dvoglasje-tijesnih-intervala/#primaryimage","inLanguage":"it-IT","url":"https://demo.tz-viskovo.hr/wp-content/uploads/2020/05/TZ-Viskovo_11072019_034.jpg","contentUrl":"https://demo.tz-viskovo.hr/wp-content/uploads/2020/05/TZ-Viskovo_11072019_034.jpg","width":2000,"height":1334},{"@type":"WebPage","@id":"https://demo.tz-viskovo.hr/it/viskovo/unesco/dvoglasje-tijesnih-intervala/#webpage","url":"https://demo.tz-viskovo.hr/it/viskovo/unesco/dvoglasje-tijesnih-intervala/","name":"Il canto a due voci a intervalli stretti dell'Istria e del litorale croato - Turisti\u010dka zajednica op\u0107ine Vi\u0161kovo","isPartOf":{"@id":"https://demo.tz-viskovo.hr/it/#website"},"primaryImageOfPage":{"@id":"https://demo.tz-viskovo.hr/it/viskovo/unesco/dvoglasje-tijesnih-intervala/#primaryimage"},"datePublished":"2019-05-26T14:54:35+00:00","dateModified":"2020-09-16T11:42:30+00:00","breadcrumb":{"@id":"https://demo.tz-viskovo.hr/it/viskovo/unesco/dvoglasje-tijesnih-intervala/#breadcrumb"},"inLanguage":"it-IT","potentialAction":[{"@type":"ReadAction","target":["https://demo.tz-viskovo.hr/it/viskovo/unesco/dvoglasje-tijesnih-intervala/"]}]},{"@type":"BreadcrumbList","@id":"https://demo.tz-viskovo.hr/it/viskovo/unesco/dvoglasje-tijesnih-intervala/#breadcrumb","itemListElement":[{"@type":"ListItem","position":1,"name":"Home","item":"https://demo.tz-viskovo.hr/it/"},{"@type":"ListItem","position":2,"name":"Vi\u0161kovo","item":"https://demo.tz-viskovo.hr/it/viskovo/"},{"@type":"ListItem","position":3,"name":"UNESCO","item":"https://demo.tz-viskovo.hr/it/viskovo/unesco/"},{"@type":"ListItem","position":4,"name":"Il canto a due voci a intervalli stretti dell&#8217;Istria e del litorale croato"}]}]}</script>
<!-- / Yoast SEO plugin. -->

Il canto a due voci a intervalli stretti dell'Istria e del litorale croato - Turistička zajednica općine Viškovo

Il canto a due voci a intervalli stretti dell&#8217;Istria e del Litorale croato è uno stile complesso di musica popolare che troviamo anche oltre il territorio dell&#8217;Istria e del Litorale croato, ma è in questa zona che vive in modo più compatto. Fondamentalmente, il canto a due voci si basa su relazioni tonali non temperate [&hellip;]

Turistička zajednica općine Viškovo

Viškovo
