{"id":1728,"date":"2019-05-26T14:57:12","date_gmt":"2019-05-26T14:57:12","guid":{"rendered":"https:\/\/demo.tz-viskovo.hr\/viskovo\/kulturna-bastina\/cakavska-rijec-i-glazba\/"},"modified":"2020-05-21T10:14:51","modified_gmt":"2020-05-21T10:14:51","slug":"cakavska-rijec-i-glazba","status":"publish","type":"page","link":"https:\/\/demo.tz-viskovo.hr\/it\/viskovo\/kulturna-bastina\/cakavska-rijec-i-glazba\/","title":{"rendered":"La musica e la lingua"},"content":{"rendered":"\n<p>Il Comune di Vi\u0161kovo fa parte della Liburnia, la regione che fino alla met\u00e0 del XX secolo aveva come centro amministrativo la citt\u00e0 di Kastav. <\/p>\n\n\n\n<h2> <strong>La lingua<\/strong><\/h2>\n\n\n\n<p>La lingua del territorio di Kastav \u00e8 il dialetto ciacavo\ndel tipo liburnico con la consistente pronuncia ecava del suono <em>jat <\/em>e con le forme ecave dei sostantivi.\nCaratteristici per questo dialetto sono pure la pronuncia tenera del suono <em>\u0107<\/em> nonch\u00e9 il mantenimento dei gruppi\nconsonantici dell&#8217;antica lingua slava <em>\u0161\u0107 <\/em>e\n<em>\u010dr<\/em>. Il suono <em>i <\/em>non si vocalizza, i suoni <em>lj<\/em>\ne <em>\u0111<\/em> sono sostituiti da<em> j<\/em>, il suono <em>d\u017e<\/em> non esiste, mentre<em> nj<\/em>\nsi pronuncia come n\u00b4j. Nel dialetto si sono conservate antiche forme grammaticali\nnonch\u00e9 un numero rilevante d&#8217;italianismi nel vocabolario: <em>pone\u0161tra <\/em>(finestra), <em>kantat<\/em>\n(cantare), <em>\u0161ugaman<\/em> (ascigamano).<\/p>\n\n\n\n<p>Alcune caratteristiche\nlinguistiche molto specifiche e antichissime si sono maggiormente conservate a\nMar\u010delji. Per esempio, la pronuncia di u al posto di v \u00e8 in via di estinzione,\nma si \u00e8 conservata la sostituzione del suono o con u all&#8217;inizio delle parole\nnonch\u00e9 la stessa desinenza nei sostantivi di genere maschile e femminile.\n\nQuesto patrimonio linguistico \u00e8 vivo e si coltiva\nin forma orale e scritta.\n\n\n\n<\/p>\n\n\n\n<h2> <strong>La musica<\/strong><\/h2>\n\n\n\n<p>Nella lista del patrimonio immateriale dell&#8217;UNESCO\nsi trova il canto a due voci a intervalli stretti, documentato e sistematizzato\ndal musicologo e compositore Ivan Mateti\u0107 da Ronjgi che studi\u00f2 la musica e i\ncanti degli abitanti di Kastav. <\/p>\n\n\n\n<p><strong>La scala istriana<\/strong> \u00e8 un particolare tipo di scala pentatonica tipica della musica tradizionale dell&#8217;Istria, del Litorale croato e delle isole del Quarnero. Il nome deriva dalla penisola istriana, dove questo tipo di musica tradizionale ha origine.<\/p>\n\n\n\n<p>Lo strumento tradizionale pi\u00f9 famoso del Quarnero sono le <em><strong>sopile<\/strong><\/em><strong>.<\/strong> Si tratta di uno strumento a fiato ad ancia doppia simile all&#8217;oboe e alla ciaramella. Le sopile vengono regolarmente suonate in coppia in cui una \u00e8 chiamata sopila piccola mentre l&#8217;altra \u00e8 quella grande. Questo strumento con sei fori che si chiudono con le dita, \u00e8 realizzato in legno d&#8217;acero. Da anni, l&#8217;istituzione pubblica Ivan Mateti\u0107 Ronjgov con le propria attivit\u00e0 custodisce il patrimonio tradizionale di questa zona promuovendolo e rivitalizzandolo alle varie manifestazioni. <\/p>\n","protected":false},"excerpt":{"rendered":"<p>Il Comune di Vi\u0161kovo fa parte della Liburnia, la regione che fino alla met\u00e0 del XX secolo aveva come centro amministrativo la citt\u00e0 di Kastav. La lingua La lingua del territorio di Kastav \u00e8 il dialetto ciacavo del tipo liburnico con la consistente pronuncia ecava del suono jat e con le forme ecave dei sostantivi. [&hellip;]<\/p>\n","protected":false},"author":1,"featured_media":13787,"parent":1686,"menu_order":0,"comment_status":"closed","ping_status":"closed","template":"","meta":[],"acf":[],"yoast_head":"<!-- This site is optimized with the Yoast SEO plugin v17.6 - https:\/\/yoast.com\/wordpress\/plugins\/seo\/ -->\n<meta name=\"robots\" content=\"index, follow, max-snippet:-1, max-image-preview:large, max-video-preview:-1\" \/>\n<link rel=\"canonical\" href=\"https:\/\/demo.tz-viskovo.hr\/it\/viskovo\/kulturna-bastina\/cakavska-rijec-i-glazba\/\" \/>\n<meta property=\"og:locale\" content=\"it_IT\" \/>\n<meta property=\"og:type\" content=\"article\" \/>\n<meta property=\"og:title\" content=\"La musica e la lingua - Turisti\u010dka zajednica op\u0107ine Vi\u0161kovo\" \/>\n<meta property=\"og:description\" content=\"Il Comune di Vi\u0161kovo fa parte della Liburnia, la regione che fino alla met\u00e0 del XX secolo aveva come centro amministrativo la citt\u00e0 di Kastav. La lingua La lingua del territorio di Kastav \u00e8 il dialetto ciacavo del tipo liburnico con la consistente pronuncia ecava del suono jat e con le forme ecave dei sostantivi. [&hellip;]\" \/>\n<meta property=\"og:url\" content=\"https:\/\/demo.tz-viskovo.hr\/it\/viskovo\/kulturna-bastina\/cakavska-rijec-i-glazba\/\" \/>\n<meta property=\"og:site_name\" content=\"Turisti\u010dka zajednica op\u0107ine Vi\u0161kovo\" \/>\n<meta property=\"article:modified_time\" content=\"2020-05-21T10:14:51+00:00\" \/>\n<meta property=\"og:image\" content=\"https:\/\/demo.tz-viskovo.hr\/wp-content\/uploads\/2020\/05\/Ivan_Mateti\u0107_Ronjgov_ostav\u0161tina-3-Medium.jpg\" \/>\n\t<meta property=\"og:image:width\" content=\"1151\" \/>\n\t<meta property=\"og:image:height\" content=\"768\" \/>\n<meta name=\"twitter:card\" content=\"summary_large_image\" \/>\n<meta name=\"twitter:label1\" content=\"Tempo di lettura stimato\" \/>\n\t<meta name=\"twitter:data1\" content=\"2 minuti\" \/>\n<script type=\"application\/ld+json\" class=\"yoast-schema-graph\">{\"@context\":\"https:\/\/schema.org\",\"@graph\":[{\"@type\":\"WebSite\",\"@id\":\"https:\/\/demo.tz-viskovo.hr\/it\/#website\",\"url\":\"https:\/\/demo.tz-viskovo.hr\/it\/\",\"name\":\"Turisti\\u010dka zajednica op\\u0107ine Vi\\u0161kovo\",\"description\":\"\",\"potentialAction\":[{\"@type\":\"SearchAction\",\"target\":{\"@type\":\"EntryPoint\",\"urlTemplate\":\"https:\/\/demo.tz-viskovo.hr\/it\/?s={search_term_string}\"},\"query-input\":\"required name=search_term_string\"}],\"inLanguage\":\"it-IT\"},{\"@type\":\"ImageObject\",\"@id\":\"https:\/\/demo.tz-viskovo.hr\/it\/viskovo\/kulturna-bastina\/cakavska-rijec-i-glazba\/#primaryimage\",\"inLanguage\":\"it-IT\",\"url\":\"https:\/\/demo.tz-viskovo.hr\/wp-content\/uploads\/2020\/05\/Ivan_Mateti\\u0107_Ronjgov_ostav\\u0161tina-3-Medium.jpg\",\"contentUrl\":\"https:\/\/demo.tz-viskovo.hr\/wp-content\/uploads\/2020\/05\/Ivan_Mateti\\u0107_Ronjgov_ostav\\u0161tina-3-Medium.jpg\",\"width\":1151,\"height\":768},{\"@type\":\"WebPage\",\"@id\":\"https:\/\/demo.tz-viskovo.hr\/it\/viskovo\/kulturna-bastina\/cakavska-rijec-i-glazba\/#webpage\",\"url\":\"https:\/\/demo.tz-viskovo.hr\/it\/viskovo\/kulturna-bastina\/cakavska-rijec-i-glazba\/\",\"name\":\"La musica e la lingua - Turisti\\u010dka zajednica op\\u0107ine Vi\\u0161kovo\",\"isPartOf\":{\"@id\":\"https:\/\/demo.tz-viskovo.hr\/it\/#website\"},\"primaryImageOfPage\":{\"@id\":\"https:\/\/demo.tz-viskovo.hr\/it\/viskovo\/kulturna-bastina\/cakavska-rijec-i-glazba\/#primaryimage\"},\"datePublished\":\"2019-05-26T14:57:12+00:00\",\"dateModified\":\"2020-05-21T10:14:51+00:00\",\"breadcrumb\":{\"@id\":\"https:\/\/demo.tz-viskovo.hr\/it\/viskovo\/kulturna-bastina\/cakavska-rijec-i-glazba\/#breadcrumb\"},\"inLanguage\":\"it-IT\",\"potentialAction\":[{\"@type\":\"ReadAction\",\"target\":[\"https:\/\/demo.tz-viskovo.hr\/it\/viskovo\/kulturna-bastina\/cakavska-rijec-i-glazba\/\"]}]},{\"@type\":\"BreadcrumbList\",\"@id\":\"https:\/\/demo.tz-viskovo.hr\/it\/viskovo\/kulturna-bastina\/cakavska-rijec-i-glazba\/#breadcrumb\",\"itemListElement\":[{\"@type\":\"ListItem\",\"position\":1,\"name\":\"Home\",\"item\":\"https:\/\/demo.tz-viskovo.hr\/it\/\"},{\"@type\":\"ListItem\",\"position\":2,\"name\":\"Vi\\u0161kovo\",\"item\":\"https:\/\/demo.tz-viskovo.hr\/it\/viskovo\/\"},{\"@type\":\"ListItem\",\"position\":3,\"name\":\"Beni culturali\",\"item\":\"https:\/\/demo.tz-viskovo.hr\/it\/viskovo\/kulturna-bastina\/\"},{\"@type\":\"ListItem\",\"position\":4,\"name\":\"La musica e la lingua\"}]}]}<\/script>\n<!-- \/ Yoast SEO plugin. -->","yoast_head_json":{"robots":{"index":"index","follow":"follow","max-snippet":"max-snippet:-1","max-image-preview":"max-image-preview:large","max-video-preview":"max-video-preview:-1"},"canonical":"https:\/\/demo.tz-viskovo.hr\/it\/viskovo\/kulturna-bastina\/cakavska-rijec-i-glazba\/","og_locale":"it_IT","og_type":"article","og_title":"La musica e la lingua - Turisti\u010dka zajednica op\u0107ine Vi\u0161kovo","og_description":"Il Comune di Vi\u0161kovo fa parte della Liburnia, la regione che fino alla met\u00e0 del XX secolo aveva come centro amministrativo la citt\u00e0 di Kastav. La lingua La lingua del territorio di Kastav \u00e8 il dialetto ciacavo del tipo liburnico con la consistente pronuncia ecava del suono jat e con le forme ecave dei sostantivi. [&hellip;]","og_url":"https:\/\/demo.tz-viskovo.hr\/it\/viskovo\/kulturna-bastina\/cakavska-rijec-i-glazba\/","og_site_name":"Turisti\u010dka zajednica op\u0107ine Vi\u0161kovo","article_modified_time":"2020-05-21T10:14:51+00:00","og_image":[{"width":1151,"height":768,"url":"https:\/\/demo.tz-viskovo.hr\/wp-content\/uploads\/2020\/05\/Ivan_Mateti\u0107_Ronjgov_ostav\u0161tina-3-Medium.jpg","type":"image\/jpeg"}],"twitter_card":"summary_large_image","twitter_misc":{"Tempo di lettura stimato":"2 minuti"},"schema":{"@context":"https:\/\/schema.org","@graph":[{"@type":"WebSite","@id":"https:\/\/demo.tz-viskovo.hr\/it\/#website","url":"https:\/\/demo.tz-viskovo.hr\/it\/","name":"Turisti\u010dka zajednica op\u0107ine Vi\u0161kovo","description":"","potentialAction":[{"@type":"SearchAction","target":{"@type":"EntryPoint","urlTemplate":"https:\/\/demo.tz-viskovo.hr\/it\/?s={search_term_string}"},"query-input":"required name=search_term_string"}],"inLanguage":"it-IT"},{"@type":"ImageObject","@id":"https:\/\/demo.tz-viskovo.hr\/it\/viskovo\/kulturna-bastina\/cakavska-rijec-i-glazba\/#primaryimage","inLanguage":"it-IT","url":"https:\/\/demo.tz-viskovo.hr\/wp-content\/uploads\/2020\/05\/Ivan_Mateti\u0107_Ronjgov_ostav\u0161tina-3-Medium.jpg","contentUrl":"https:\/\/demo.tz-viskovo.hr\/wp-content\/uploads\/2020\/05\/Ivan_Mateti\u0107_Ronjgov_ostav\u0161tina-3-Medium.jpg","width":1151,"height":768},{"@type":"WebPage","@id":"https:\/\/demo.tz-viskovo.hr\/it\/viskovo\/kulturna-bastina\/cakavska-rijec-i-glazba\/#webpage","url":"https:\/\/demo.tz-viskovo.hr\/it\/viskovo\/kulturna-bastina\/cakavska-rijec-i-glazba\/","name":"La musica e la lingua - Turisti\u010dka zajednica op\u0107ine Vi\u0161kovo","isPartOf":{"@id":"https:\/\/demo.tz-viskovo.hr\/it\/#website"},"primaryImageOfPage":{"@id":"https:\/\/demo.tz-viskovo.hr\/it\/viskovo\/kulturna-bastina\/cakavska-rijec-i-glazba\/#primaryimage"},"datePublished":"2019-05-26T14:57:12+00:00","dateModified":"2020-05-21T10:14:51+00:00","breadcrumb":{"@id":"https:\/\/demo.tz-viskovo.hr\/it\/viskovo\/kulturna-bastina\/cakavska-rijec-i-glazba\/#breadcrumb"},"inLanguage":"it-IT","potentialAction":[{"@type":"ReadAction","target":["https:\/\/demo.tz-viskovo.hr\/it\/viskovo\/kulturna-bastina\/cakavska-rijec-i-glazba\/"]}]},{"@type":"BreadcrumbList","@id":"https:\/\/demo.tz-viskovo.hr\/it\/viskovo\/kulturna-bastina\/cakavska-rijec-i-glazba\/#breadcrumb","itemListElement":[{"@type":"ListItem","position":1,"name":"Home","item":"https:\/\/demo.tz-viskovo.hr\/it\/"},{"@type":"ListItem","position":2,"name":"Vi\u0161kovo","item":"https:\/\/demo.tz-viskovo.hr\/it\/viskovo\/"},{"@type":"ListItem","position":3,"name":"Beni culturali","item":"https:\/\/demo.tz-viskovo.hr\/it\/viskovo\/kulturna-bastina\/"},{"@type":"ListItem","position":4,"name":"La musica e la lingua"}]}]}},"_links":{"self":[{"href":"https:\/\/demo.tz-viskovo.hr\/it\/wp-json\/wp\/v2\/pages\/1728"}],"collection":[{"href":"https:\/\/demo.tz-viskovo.hr\/it\/wp-json\/wp\/v2\/pages"}],"about":[{"href":"https:\/\/demo.tz-viskovo.hr\/it\/wp-json\/wp\/v2\/types\/page"}],"author":[{"embeddable":true,"href":"https:\/\/demo.tz-viskovo.hr\/it\/wp-json\/wp\/v2\/users\/1"}],"replies":[{"embeddable":true,"href":"https:\/\/demo.tz-viskovo.hr\/it\/wp-json\/wp\/v2\/comments?post=1728"}],"version-history":[{"count":9,"href":"https:\/\/demo.tz-viskovo.hr\/it\/wp-json\/wp\/v2\/pages\/1728\/revisions"}],"predecessor-version":[{"id":14002,"href":"https:\/\/demo.tz-viskovo.hr\/it\/wp-json\/wp\/v2\/pages\/1728\/revisions\/14002"}],"up":[{"embeddable":true,"href":"https:\/\/demo.tz-viskovo.hr\/it\/wp-json\/wp\/v2\/pages\/1686"}],"wp:featuredmedia":[{"embeddable":true,"href":"https:\/\/demo.tz-viskovo.hr\/it\/wp-json\/wp\/v2\/media\/13787"}],"wp:attachment":[{"href":"https:\/\/demo.tz-viskovo.hr\/it\/wp-json\/wp\/v2\/media?parent=1728"}],"curies":[{"name":"wp","href":"https:\/\/api.w.org\/{rel}","templated":true}]}}

<p>Il Comune di Viškovo fa parte della Liburnia, la regione che fino alla metà del XX secolo aveva come centro amministrativo la città di Kastav. </p>



<h2> <strong>La lingua</strong></h2>



<p>La lingua del territorio di Kastav è il dialetto ciacavo
del tipo liburnico con la consistente pronuncia ecava del suono <em>jat </em>e con le forme ecave dei sostantivi.
Caratteristici per questo dialetto sono pure la pronuncia tenera del suono <em>ć</em> nonché il mantenimento dei gruppi
consonantici dell&#8217;antica lingua slava <em>šć </em>e
<em>čr</em>. Il suono <em>i </em>non si vocalizza, i suoni <em>lj</em>
e <em>đ</em> sono sostituiti da<em> j</em>, il suono <em>dž</em> non esiste, mentre<em> nj</em>
si pronuncia come n´j. Nel dialetto si sono conservate antiche forme grammaticali
nonché un numero rilevante d&#8217;italianismi nel vocabolario: <em>poneštra </em>(finestra), <em>kantat</em>
(cantare), <em>šugaman</em> (ascigamano).</p>



<p>Alcune caratteristiche
linguistiche molto specifiche e antichissime si sono maggiormente conservate a
Marčelji. Per esempio, la pronuncia di u al posto di v è in via di estinzione,
ma si è conservata la sostituzione del suono o con u all&#8217;inizio delle parole
nonché la stessa desinenza nei sostantivi di genere maschile e femminile.

Questo patrimonio linguistico è vivo e si coltiva
in forma orale e scritta.



</p>



<h2> <strong>La musica</strong></h2>



<p>Nella lista del patrimonio immateriale dell&#8217;UNESCO
si trova il canto a due voci a intervalli stretti, documentato e sistematizzato
dal musicologo e compositore Ivan Matetić da Ronjgi che studiò la musica e i
canti degli abitanti di Kastav. </p>



<p><strong>La scala istriana</strong> è un particolare tipo di scala pentatonica tipica della musica tradizionale dell&#8217;Istria, del Litorale croato e delle isole del Quarnero. Il nome deriva dalla penisola istriana, dove questo tipo di musica tradizionale ha origine.</p>



<p>Lo strumento tradizionale più famoso del Quarnero sono le <em><strong>sopile</strong></em><strong>.</strong> Si tratta di uno strumento a fiato ad ancia doppia simile all&#8217;oboe e alla ciaramella. Le sopile vengono regolarmente suonate in coppia in cui una è chiamata sopila piccola mentre l&#8217;altra è quella grande. Questo strumento con sei fori che si chiudono con le dita, è realizzato in legno d&#8217;acero. Da anni, l&#8217;istituzione pubblica Ivan Matetić Ronjgov con le propria attività custodisce il patrimonio tradizionale di questa zona promuovendolo e rivitalizzandolo alle varie manifestazioni. </p>

<p>Il Comune di Viškovo fa parte della Liburnia, la regione che fino alla metà del XX secolo aveva come centro amministrativo la città di Kastav. La lingua La lingua del territorio di Kastav è il dialetto ciacavo del tipo liburnico con la consistente pronuncia ecava del suono jat e con le forme ecave dei sostantivi. [&hellip;]</p>

<!-- This site is optimized with the Yoast SEO plugin v17.6 - https://yoast.com/wordpress/plugins/seo/ -->
<meta name="robots" content="index, follow, max-snippet:-1, max-image-preview:large, max-video-preview:-1" />
<link rel="canonical" href="https://demo.tz-viskovo.hr/it/viskovo/kulturna-bastina/cakavska-rijec-i-glazba/" />
<meta property="og:locale" content="it_IT" />
<meta property="og:type" content="article" />
<meta property="og:title" content="La musica e la lingua - Turistička zajednica općine Viškovo" />
<meta property="og:description" content="Il Comune di Viškovo fa parte della Liburnia, la regione che fino alla metà del XX secolo aveva come centro amministrativo la città di Kastav. La lingua La lingua del territorio di Kastav è il dialetto ciacavo del tipo liburnico con la consistente pronuncia ecava del suono jat e con le forme ecave dei sostantivi. [&hellip;]" />
<meta property="og:url" content="https://demo.tz-viskovo.hr/it/viskovo/kulturna-bastina/cakavska-rijec-i-glazba/" />
<meta property="og:site_name" content="Turistička zajednica općine Viškovo" />
<meta property="article:modified_time" content="2020-05-21T10:14:51+00:00" />
<meta property="og:image" content="https://demo.tz-viskovo.hr/wp-content/uploads/2020/05/Ivan_Matetić_Ronjgov_ostavština-3-Medium.jpg" />
	<meta property="og:image:width" content="1151" />
	<meta property="og:image:height" content="768" />
<meta name="twitter:card" content="summary_large_image" />
<meta name="twitter:label1" content="Tempo di lettura stimato" />
	<meta name="twitter:data1" content="2 minuti" />
<script type="application/ld+json" class="yoast-schema-graph">{"@context":"https://schema.org","@graph":[{"@type":"WebSite","@id":"https://demo.tz-viskovo.hr/it/#website","url":"https://demo.tz-viskovo.hr/it/","name":"Turisti\u010dka zajednica op\u0107ine Vi\u0161kovo","description":"","potentialAction":[{"@type":"SearchAction","target":{"@type":"EntryPoint","urlTemplate":"https://demo.tz-viskovo.hr/it/?s={search_term_string}"},"query-input":"required name=search_term_string"}],"inLanguage":"it-IT"},{"@type":"ImageObject","@id":"https://demo.tz-viskovo.hr/it/viskovo/kulturna-bastina/cakavska-rijec-i-glazba/#primaryimage","inLanguage":"it-IT","url":"https://demo.tz-viskovo.hr/wp-content/uploads/2020/05/Ivan_Mateti\u0107_Ronjgov_ostav\u0161tina-3-Medium.jpg","contentUrl":"https://demo.tz-viskovo.hr/wp-content/uploads/2020/05/Ivan_Mateti\u0107_Ronjgov_ostav\u0161tina-3-Medium.jpg","width":1151,"height":768},{"@type":"WebPage","@id":"https://demo.tz-viskovo.hr/it/viskovo/kulturna-bastina/cakavska-rijec-i-glazba/#webpage","url":"https://demo.tz-viskovo.hr/it/viskovo/kulturna-bastina/cakavska-rijec-i-glazba/","name":"La musica e la lingua - Turisti\u010dka zajednica op\u0107ine Vi\u0161kovo","isPartOf":{"@id":"https://demo.tz-viskovo.hr/it/#website"},"primaryImageOfPage":{"@id":"https://demo.tz-viskovo.hr/it/viskovo/kulturna-bastina/cakavska-rijec-i-glazba/#primaryimage"},"datePublished":"2019-05-26T14:57:12+00:00","dateModified":"2020-05-21T10:14:51+00:00","breadcrumb":{"@id":"https://demo.tz-viskovo.hr/it/viskovo/kulturna-bastina/cakavska-rijec-i-glazba/#breadcrumb"},"inLanguage":"it-IT","potentialAction":[{"@type":"ReadAction","target":["https://demo.tz-viskovo.hr/it/viskovo/kulturna-bastina/cakavska-rijec-i-glazba/"]}]},{"@type":"BreadcrumbList","@id":"https://demo.tz-viskovo.hr/it/viskovo/kulturna-bastina/cakavska-rijec-i-glazba/#breadcrumb","itemListElement":[{"@type":"ListItem","position":1,"name":"Home","item":"https://demo.tz-viskovo.hr/it/"},{"@type":"ListItem","position":2,"name":"Vi\u0161kovo","item":"https://demo.tz-viskovo.hr/it/viskovo/"},{"@type":"ListItem","position":3,"name":"Beni culturali","item":"https://demo.tz-viskovo.hr/it/viskovo/kulturna-bastina/"},{"@type":"ListItem","position":4,"name":"La musica e la lingua"}]}]}</script>
<!-- / Yoast SEO plugin. -->

La musica e la lingua - Turistička zajednica općine Viškovo

Il Comune di Viškovo fa parte della Liburnia, la regione che fino alla metà del XX secolo aveva come centro amministrativo la città di Kastav. La lingua La lingua del territorio di Kastav è il dialetto ciacavo del tipo liburnico con la consistente pronuncia ecava del suono jat e con le forme ecave dei sostantivi. [&hellip;]

Turistička zajednica općine Viškovo

https://demo.tz-viskovo.hr/wp-content/uploads/2020/05/Ivan_Matetić_Ronjgov_ostavština-3-Medium.jpg

Viškovo
